{"id":11767,"date":"2023-11-24T17:55:14","date_gmt":"2023-11-24T16:55:14","guid":{"rendered":"https:\/\/www.turismoarcos.es\/events\/exposicion-de-pintura-callejeando\/"},"modified":"2023-11-24T17:57:08","modified_gmt":"2023-11-24T16:57:08","slug":"exposicion-de-pintura-callejeando","status":"publish","type":"mec-events","link":"https:\/\/www.turismoarcos.es\/de\/events\/exposicion-de-pintura-callejeando\/","title":{"rendered":"EXPOSICI\u00d3N DE PINTURA &#8220;CALLEJEANDO&#8221;"},"content":{"rendered":"<h4 style=\"text-align: center;\">EXPOSICI\u00d3N DE PINTURA &#8220;CALLEJEANDO&#8221;<\/h4>\n<h4 style=\"text-align: center;\">PINTOR RAFAEL GUERRERO<\/h4>\n<h4 id=\"tw-target-text\" class=\"tw-data-text tw-text-large tw-ta\" dir=\"ltr\" style=\"text-align: center;\" data-placeholder=\"Traducci\u00f3n\" data-ved=\"2ahUKEwjB4qPLg92CAxXCaqQEHcKaCCMQ3ewLegQIBRAQ\"><span class=\"Y2IQFc\" lang=\"de\">VOM 1. DEZEMBER 2023 BIS 1. JANUAR 2024<\/span><\/h4>\n<h4 style=\"text-align: center;\">SAL\u00d3N DE EXPOSICIONES DE LA ASOC. C\u00cdRCULO DE LA UNI\u00d3N<\/h4>\n","protected":false},"excerpt":{"rendered":"<p>EXPOSICI\u00d3N DE PINTURA &#8220;CALLEJEANDO&#8221; PINTOR RAFAEL GUERRERO VOM 1. DEZEMBER 2023 BIS 1. JANUAR 2024 SAL\u00d3N DE EXPOSICIONES&#8230; <a class=\"excerpt-read-more\" href=\"https:\/\/www.turismoarcos.es\/de\/events\/exposicion-de-pintura-callejeando\/\"><span>Read More<\/span><\/a><\/p>\n","protected":false},"author":6,"featured_media":11764,"comment_status":"closed","ping_status":"closed","template":"","tags":[],"mec_category":[],"class_list":["post-11767","mec-events","type-mec-events","status-publish","has-post-thumbnail","hentry"],"_links":{"self":[{"href":"https:\/\/www.turismoarcos.es\/de\/wp-json\/wp\/v2\/mec-events\/11767","targetHints":{"allow":["GET"]}}],"collection":[{"href":"https:\/\/www.turismoarcos.es\/de\/wp-json\/wp\/v2\/mec-events"}],"about":[{"href":"https:\/\/www.turismoarcos.es\/de\/wp-json\/wp\/v2\/types\/mec-events"}],"author":[{"embeddable":true,"href":"https:\/\/www.turismoarcos.es\/de\/wp-json\/wp\/v2\/users\/6"}],"replies":[{"embeddable":true,"href":"https:\/\/www.turismoarcos.es\/de\/wp-json\/wp\/v2\/comments?post=11767"}],"wp:featuredmedia":[{"embeddable":true,"href":"https:\/\/www.turismoarcos.es\/de\/wp-json\/wp\/v2\/media\/11764"}],"wp:attachment":[{"href":"https:\/\/www.turismoarcos.es\/de\/wp-json\/wp\/v2\/media?parent=11767"}],"wp:term":[{"taxonomy":"post_tag","embeddable":true,"href":"https:\/\/www.turismoarcos.es\/de\/wp-json\/wp\/v2\/tags?post=11767"},{"taxonomy":"mec_category","embeddable":true,"href":"https:\/\/www.turismoarcos.es\/de\/wp-json\/wp\/v2\/mec_category?post=11767"}],"curies":[{"name":"wp","href":"https:\/\/api.w.org\/{rel}","templated":true}]}}

EXPOSICIÓN DE PINTURA &#8220;CALLEJEANDO&#8221;

<h4 style="text-align: center;">EXPOSICIÓN DE PINTURA &#8220;CALLEJEANDO&#8221;</h4>
<h4 style="text-align: center;">PINTOR RAFAEL GUERRERO</h4>
<h4 id="tw-target-text" class="tw-data-text tw-text-large tw-ta" dir="ltr" style="text-align: center;" data-placeholder="Traducción" data-ved="2ahUKEwjB4qPLg92CAxXCaqQEHcKaCCMQ3ewLegQIBRAQ"><span class="Y2IQFc" lang="de">VOM 1. DEZEMBER 2023 BIS 1. JANUAR 2024</span></h4>
<h4 style="text-align: center;">SALÓN DE EXPOSICIONES DE LA ASOC. CÍRCULO DE LA UNIÓN</h4>

<p>EXPOSICIÓN DE PINTURA &#8220;CALLEJEANDO&#8221; PINTOR RAFAEL GUERRERO VOM 1. DEZEMBER 2023 BIS 1. JANUAR 2024 SALÓN DE EXPOSICIONES&#8230; <a class="excerpt-read-more" href="https://www.turismoarcos.es/de/events/exposicion-de-pintura-callejeando/"><span>Read More</span></a></p>
