{"id":15943,"date":"2025-04-30T11:52:29","date_gmt":"2025-04-30T10:52:29","guid":{"rendered":"https:\/\/www.turismoarcos.es\/events\/rastros-exposicion-fotografica\/"},"modified":"2025-04-30T11:52:29","modified_gmt":"2025-04-30T10:52:29","slug":"rastros-exposicion-fotografica","status":"publish","type":"mec-events","link":"https:\/\/www.turismoarcos.es\/de\/events\/rastros-exposicion-fotografica\/","title":{"rendered":"RASTROS. EXPOSICI\u00d3N FOTOGR\u00c1FICA"},"content":{"rendered":"<h4 style=\"text-align: center;\">RASTROS. EXPOSICI\u00d3N FOTOGR\u00c1FICA<\/h4>\n<h4 style=\"text-align: center;\">CRISIS CLIM\u00c1TICA EN LA PROVINCIA DE C\u00c1DIZ<\/h4>\n<h4 style=\"text-align: center;\">Del 6 a 18 de mayo 2025<\/h4>\n<h4 style=\"text-align: center;\">PALACIO DEL MAYORAZGO<\/h4>\n","protected":false},"excerpt":{"rendered":"<p>RASTROS. EXPOSICI\u00d3N FOTOGR\u00c1FICA CRISIS CLIM\u00c1TICA EN LA PROVINCIA DE C\u00c1DIZ Del 6 a 18 de mayo 2025 PALACIO&#8230; <a class=\"excerpt-read-more\" href=\"https:\/\/www.turismoarcos.es\/de\/events\/rastros-exposicion-fotografica\/\"><span>Read More<\/span><\/a><\/p>\n","protected":false},"author":6,"featured_media":15940,"comment_status":"closed","ping_status":"closed","template":"","tags":[],"mec_category":[],"class_list":["post-15943","mec-events","type-mec-events","status-publish","has-post-thumbnail","hentry"],"_links":{"self":[{"href":"https:\/\/www.turismoarcos.es\/de\/wp-json\/wp\/v2\/mec-events\/15943","targetHints":{"allow":["GET"]}}],"collection":[{"href":"https:\/\/www.turismoarcos.es\/de\/wp-json\/wp\/v2\/mec-events"}],"about":[{"href":"https:\/\/www.turismoarcos.es\/de\/wp-json\/wp\/v2\/types\/mec-events"}],"author":[{"embeddable":true,"href":"https:\/\/www.turismoarcos.es\/de\/wp-json\/wp\/v2\/users\/6"}],"replies":[{"embeddable":true,"href":"https:\/\/www.turismoarcos.es\/de\/wp-json\/wp\/v2\/comments?post=15943"}],"wp:featuredmedia":[{"embeddable":true,"href":"https:\/\/www.turismoarcos.es\/de\/wp-json\/wp\/v2\/media\/15940"}],"wp:attachment":[{"href":"https:\/\/www.turismoarcos.es\/de\/wp-json\/wp\/v2\/media?parent=15943"}],"wp:term":[{"taxonomy":"post_tag","embeddable":true,"href":"https:\/\/www.turismoarcos.es\/de\/wp-json\/wp\/v2\/tags?post=15943"},{"taxonomy":"mec_category","embeddable":true,"href":"https:\/\/www.turismoarcos.es\/de\/wp-json\/wp\/v2\/mec_category?post=15943"}],"curies":[{"name":"wp","href":"https:\/\/api.w.org\/{rel}","templated":true}]}}

RASTROS. EXPOSICIÓN FOTOGRÁFICA

<h4 style="text-align: center;">RASTROS. EXPOSICIÓN FOTOGRÁFICA</h4>
<h4 style="text-align: center;">CRISIS CLIMÁTICA EN LA PROVINCIA DE CÁDIZ</h4>
<h4 style="text-align: center;">Del 6 a 18 de mayo 2025</h4>
<h4 style="text-align: center;">PALACIO DEL MAYORAZGO</h4>

<p>RASTROS. EXPOSICIÓN FOTOGRÁFICA CRISIS CLIMÁTICA EN LA PROVINCIA DE CÁDIZ Del 6 a 18 de mayo 2025 PALACIO&#8230; <a class="excerpt-read-more" href="https://www.turismoarcos.es/de/events/rastros-exposicion-fotografica/"><span>Read More</span></a></p>
