{"id":5941,"date":"2021-03-18T13:07:43","date_gmt":"2021-03-18T13:07:43","guid":{"rendered":"https:\/\/www.turismoarcos.es\/capilla-de-la-misericordia\/"},"modified":"2021-11-04T10:32:06","modified_gmt":"2021-11-04T09:32:06","slug":"capilla-de-la-misericordia","status":"publish","type":"page","link":"https:\/\/www.turismoarcos.es\/de\/capilla-de-la-misericordia\/","title":{"rendered":"Misericordia Kapelle"},"content":{"rendered":"<div class=\"wpb-content-wrapper\"><p>[vc_row full_width=&#8221;stretch_row&#8221; parallax=&#8221;content-moving-fade&#8221; parallax_image=&#8221;1896&#8243; el_id=&#8221;about-us&#8221; dt_color=&#8221;#abd8a6&#8243; dt_color_opacity=&#8221;70&#8243; css=&#8221;.vc_custom_1632473861446{padding-top: 300px !important;padding-bottom: 90px !important;}&#8221;][vc_column width=&#8221;1\/6&#8243;][\/vc_column][vc_column width=&#8221;2\/3&#8243; dt_animation=&#8221;wow fadeInUp&#8221; dt_animation_delay=&#8221;0.3&#8243;]<div class=\"title-center\"><div class=\"dt-title-wrapper section-title-big style-1\"><h2 class=\"section-title\">Misericordia Kapelle<\/h2><svg class=\"zigzag\" version=\"1.1\" xmlns=\"http:\/\/www.w3.org\/2000\/svg\" xmlns:xlink=\"http:\/\/www.w3.org\/1999\/xlink\" preserveAspectRatio=\"xMidYMid meet\" viewBox=\"0 0 90 8\" width=\"90\" height=\"8\"><defs><path d=\"M90 8L82.5 0L75 8L67.5 0L60 8L52.5 0L45 8L37.5 0L30 8L22.5 0L15 8L7.5 0L0 8\" id=\"a6L8UcKib\"><\/path><\/defs><g><g><use xlink:href=\"#a6L8UcKib\" opacity=\"1\" fill-opacity=\"0\" stroke=\"#000000\" stroke-width=\"1\" stroke-opacity=\"1\"><\/use><\/g><\/g><\/svg><\/div><\/div>[\/vc_column][vc_column width=&#8221;1\/6&#8243;][\/vc_column][\/vc_row][vc_row][vc_column][vc_column_text][\/vc_column_text][\/vc_column][\/vc_row][vc_row full_width=&#8221;stretch_row_content&#8221; equal_height=&#8221;yes&#8221;][vc_column width=&#8221;1\/2&#8243; css=&#8221;.vc_custom_1616057344094{padding-top: 0px !important;padding-bottom: 0px !important;background-position: center !important;background-repeat: no-repeat !important;background-size: cover !important;}&#8221;]<div id=\"dt-gallery-bbc\" class=\"delicious-gallery-wrapper\" data-token=\"fbBM5\"><ul class=\"delicious-gallery isotope dt-gallery is-grid dt-gap-20\"><li class=\"delicious-gallery-item  remove-grayscale\"><a class=\"not-link dt-lightbox-gallery\" title=\"Capilla de la Misericordia\" href=\"https:\/\/www.turismoarcos.es\/wp-content\/uploads\/2021\/03\/capilla-de-la-misericordia-3.jpg\"><img loading=\"lazy\" decoding=\"async\" class=\"no-lazy\" src=\"https:\/\/www.turismoarcos.es\/wp-content\/uploads\/2021\/03\/capilla-de-la-misericordia-3-490x380.jpg\" width=\"800\" height=\"600\" alt=\"Capilla de la Misericordia\" \/><div class=\"delicious-gallery-on-hover\"><span class=\"is-alt-text\">Capilla de la Misericordia<\/span><\/div><\/a><\/li><li class=\"delicious-gallery-item  remove-grayscale\"><a class=\"not-link dt-lightbox-gallery\" title=\"Capilla de la Misericordia\" href=\"https:\/\/www.turismoarcos.es\/wp-content\/uploads\/2021\/03\/capilla-de-la-misericordia-4.jpg\"><img loading=\"lazy\" decoding=\"async\" class=\"no-lazy\" src=\"https:\/\/www.turismoarcos.es\/wp-content\/uploads\/2021\/03\/capilla-de-la-misericordia-4-490x380.jpg\" width=\"800\" height=\"600\" alt=\"Capilla de la Misericordia\" \/><div class=\"delicious-gallery-on-hover\"><span class=\"is-alt-text\">Capilla de la Misericordia<\/span><\/div><\/a><\/li><li class=\"delicious-gallery-item  remove-grayscale\"><a class=\"not-link dt-lightbox-gallery\" title=\"Capilla de la Misericordia\" href=\"https:\/\/www.turismoarcos.es\/wp-content\/uploads\/2021\/03\/capilla-de-la-misericordia-2.jpg\"><img loading=\"lazy\" decoding=\"async\" class=\"no-lazy\" src=\"https:\/\/www.turismoarcos.es\/wp-content\/uploads\/2021\/03\/capilla-de-la-misericordia-2-490x380.jpg\" width=\"599\" height=\"800\" alt=\"Capilla de la Misericordia\" \/><div class=\"delicious-gallery-on-hover\"><span class=\"is-alt-text\">Capilla de la Misericordia<\/span><\/div><\/a><\/li><li class=\"delicious-gallery-item  remove-grayscale\"><a class=\"not-link dt-lightbox-gallery\" title=\"Capilla de la Misericordia\" href=\"https:\/\/www.turismoarcos.es\/wp-content\/uploads\/2021\/03\/capilla-de-la-misericordia-1.jpg\"><img loading=\"lazy\" decoding=\"async\" class=\"no-lazy\" src=\"https:\/\/www.turismoarcos.es\/wp-content\/uploads\/2021\/03\/capilla-de-la-misericordia-1-490x380.jpg\" width=\"533\" height=\"800\" alt=\"Capilla de la Misericordia\" \/><div class=\"delicious-gallery-on-hover\"><span class=\"is-alt-text\">Capilla de la Misericordia<\/span><\/div><\/a><\/li><\/ul><\/div>[\/vc_column][vc_column width=&#8221;1\/2&#8243; dt_animation=&#8221;wow fadeInUp&#8221; css=&#8221;.vc_custom_1616057854293{padding-top: 70px !important;padding-right: 80px !important;padding-bottom: 80px !important;padding-left: 80px !important;background-color: #fafafa !important;}&#8221; dt_animation_delay=&#8221;0.3&#8243;][vc_column_text]<\/p>\n<p style=\"text-align: justify;\">Es wurde in 1490 vom Marquis von C\u00e1diz f\u00fcr verlassene Kinder und als Heim und Krankenhaus f\u00fcr Frauen gegr\u00fcndet. Die Fassade ist im eleganten gotischen Stil gehalten, w\u00e4hrend das Innere der Fassade, die auf Kapitellen geschnitzt ist, die einzigen beiden Portr\u00e4ts der Marquisen von C\u00e1diz sind. Dies sind zwei kleine B\u00fcsten, die von einem Fries aus allegorischen Tieren begleitet werden. Herr Rodrigo erscheint mit spitzem Bart und Haaren, dem K\u00f6rper und den Krallen des L\u00f6wen und mit einem Hut auf dem Kopf; Frau Beatriz h\u00e4lt die Krone einer Marquise, ein Zepter und einen Spie\u00df. Zur Zeit wird die Kapelle als Ausstellungsraum, f\u00fcr Buchpr\u00e4sentationen, Konferenzen usw. genutzt.<\/p>\n<p style=\"text-align: justify;\"><strong>BESUCHSZEITEN<\/strong>: Verf\u00fcgbarkeit pr\u00fcfen.<\/p>\n<p style=\"text-align: justify;\">Auskunft: Kulturamt der Stadt: Telefonnummer: +34 956 70 30 13 \/ cultura@arcosdelafrontera.es<\/p>\n<p>[\/vc_column_text][vc_empty_space height=&#8221;40px&#8221;][\/vc_column][\/vc_row][vc_row][vc_column][vc_column_text][\/vc_column_text][\/vc_column][\/vc_row][vc_row full_width=&#8221;stretch_row&#8221; css=&#8221;.vc_custom_1497330579291{padding-top: 30px !important;padding-bottom: 35px !important;background-color: #ededed !important;}&#8221;][vc_column width=&#8221;1\/12&#8243;][\/vc_column][vc_column width=&#8221;7\/12&#8243;][vc_custom_heading text=&#8221;Hast du irgendwelche Zweifel?&#8221; font_container=&#8221;tag:p|font_size:36px|text_align:left|color:%23323232|line_height:42px&#8221; use_theme_fonts=&#8221;yes&#8221; css_animation=&#8221;fadeInUp&#8221;][\/vc_column][vc_column css_animation=&#8221;none&#8221; width=&#8221;3\/12&#8243; dt_animation=&#8221;wow fadeInUp&#8221; dt_animation_delay=&#8221;0.4&#8243;]<div class=\"button-right\"><a  class=\"dt-button green  round  dt-icon-left\" href=\"#\"><i class=\"fa fa-paper-plane-o\"><\/i>KONTAKT FORMULAR<\/a><\/div>[\/vc_column][vc_column width=&#8221;1\/12&#8243;][\/vc_column][\/vc_row]<\/p>\n<\/div>","protected":false},"excerpt":{"rendered":"<p>[vc_row full_width=&#8221;stretch_row&#8221; parallax=&#8221;content-moving-fade&#8221; parallax_image=&#8221;1896&#8243; el_id=&#8221;about-us&#8221; dt_color=&#8221;#abd8a6&#8243; dt_color_opacity=&#8221;70&#8243; css=&#8221;.vc_custom_1632473861446{padding-top: 300px !important;padding-bottom: 90px !important;}&#8221;][vc_column width=&#8221;1\/6&#8243;][\/vc_column][vc_column width=&#8221;2\/3&#8243; dt_animation=&#8221;wow fadeInUp&#8221; dt_animation_delay=&#8221;0.3&#8243;][\/vc_column][vc_column width=&#8221;1\/6&#8243;][\/vc_column][\/vc_row][vc_row][vc_column][vc_column_text][\/vc_column_text][\/vc_column][\/vc_row][vc_row&#8230; <a class=\"excerpt-read-more\" href=\"https:\/\/www.turismoarcos.es\/de\/capilla-de-la-misericordia\/\"><span>Read More<\/span><\/a><\/p>\n","protected":false},"author":1,"featured_media":0,"parent":0,"menu_order":0,"comment_status":"closed","ping_status":"closed","template":"","meta":{"footnotes":""},"class_list":["post-5941","page","type-page","status-publish","hentry"],"_links":{"self":[{"href":"https:\/\/www.turismoarcos.es\/de\/wp-json\/wp\/v2\/pages\/5941","targetHints":{"allow":["GET"]}}],"collection":[{"href":"https:\/\/www.turismoarcos.es\/de\/wp-json\/wp\/v2\/pages"}],"about":[{"href":"https:\/\/www.turismoarcos.es\/de\/wp-json\/wp\/v2\/types\/page"}],"author":[{"embeddable":true,"href":"https:\/\/www.turismoarcos.es\/de\/wp-json\/wp\/v2\/users\/1"}],"replies":[{"embeddable":true,"href":"https:\/\/www.turismoarcos.es\/de\/wp-json\/wp\/v2\/comments?post=5941"}],"version-history":[{"count":2,"href":"https:\/\/www.turismoarcos.es\/de\/wp-json\/wp\/v2\/pages\/5941\/revisions"}],"predecessor-version":[{"id":6228,"href":"https:\/\/www.turismoarcos.es\/de\/wp-json\/wp\/v2\/pages\/5941\/revisions\/6228"}],"wp:attachment":[{"href":"https:\/\/www.turismoarcos.es\/de\/wp-json\/wp\/v2\/media?parent=5941"}],"curies":[{"name":"wp","href":"https:\/\/api.w.org\/{rel}","templated":true}]}}

<div class="wpb-content-wrapper"><p>[vc_row full_width=&#8221;stretch_row&#8221; parallax=&#8221;content-moving-fade&#8221; parallax_image=&#8221;1896&#8243; el_id=&#8221;about-us&#8221; dt_color=&#8221;#abd8a6&#8243; dt_color_opacity=&#8221;70&#8243; css=&#8221;.vc_custom_1632473861446{padding-top: 300px !important;padding-bottom: 90px !important;}&#8221;][vc_column width=&#8221;1/6&#8243;][/vc_column][vc_column width=&#8221;2/3&#8243; dt_animation=&#8221;wow fadeInUp&#8221; dt_animation_delay=&#8221;0.3&#8243;]<div class="title-center"><div class="dt-title-wrapper section-title-big style-1"><h2 class="section-title">Misericordia Kapelle</h2><svg class="zigzag" version="1.1" xmlns="http://www.w3.org/2000/svg" xmlns:xlink="http://www.w3.org/1999/xlink" preserveAspectRatio="xMidYMid meet" viewBox="0 0 90 8" width="90" height="8"><defs><path d="M90 8L82.5 0L75 8L67.5 0L60 8L52.5 0L45 8L37.5 0L30 8L22.5 0L15 8L7.5 0L0 8" id="a6L8UcKib"></path></defs><g><g><use xlink:href="#a6L8UcKib" opacity="1" fill-opacity="0" stroke="#000000" stroke-width="1" stroke-opacity="1"></use></g></g></svg></div></div>[/vc_column][vc_column width=&#8221;1/6&#8243;][/vc_column][/vc_row][vc_row][vc_column][vc_column_text][/vc_column_text][/vc_column][/vc_row][vc_row full_width=&#8221;stretch_row_content&#8221; equal_height=&#8221;yes&#8221;][vc_column width=&#8221;1/2&#8243; css=&#8221;.vc_custom_1616057344094{padding-top: 0px !important;padding-bottom: 0px !important;background-position: center !important;background-repeat: no-repeat !important;background-size: cover !important;}&#8221;]<div id="dt-gallery-bbc" class="delicious-gallery-wrapper" data-token="fbBM5"><ul class="delicious-gallery isotope dt-gallery is-grid dt-gap-20"><li class="delicious-gallery-item  remove-grayscale"><a class="not-link dt-lightbox-gallery" title="Capilla de la Misericordia" href="https://www.turismoarcos.es/wp-content/uploads/2021/03/capilla-de-la-misericordia-3.jpg"><img loading="lazy" decoding="async" class="no-lazy" src="https://www.turismoarcos.es/wp-content/uploads/2021/03/capilla-de-la-misericordia-3-490x380.jpg" width="800" height="600" alt="Capilla de la Misericordia" /><div class="delicious-gallery-on-hover"><span class="is-alt-text">Capilla de la Misericordia</span></div></a></li><li class="delicious-gallery-item  remove-grayscale"><a class="not-link dt-lightbox-gallery" title="Capilla de la Misericordia" href="https://www.turismoarcos.es/wp-content/uploads/2021/03/capilla-de-la-misericordia-4.jpg"><img loading="lazy" decoding="async" class="no-lazy" src="https://www.turismoarcos.es/wp-content/uploads/2021/03/capilla-de-la-misericordia-4-490x380.jpg" width="800" height="600" alt="Capilla de la Misericordia" /><div class="delicious-gallery-on-hover"><span class="is-alt-text">Capilla de la Misericordia</span></div></a></li><li class="delicious-gallery-item  remove-grayscale"><a class="not-link dt-lightbox-gallery" title="Capilla de la Misericordia" href="https://www.turismoarcos.es/wp-content/uploads/2021/03/capilla-de-la-misericordia-2.jpg"><img loading="lazy" decoding="async" class="no-lazy" src="https://www.turismoarcos.es/wp-content/uploads/2021/03/capilla-de-la-misericordia-2-490x380.jpg" width="599" height="800" alt="Capilla de la Misericordia" /><div class="delicious-gallery-on-hover"><span class="is-alt-text">Capilla de la Misericordia</span></div></a></li><li class="delicious-gallery-item  remove-grayscale"><a class="not-link dt-lightbox-gallery" title="Capilla de la Misericordia" href="https://www.turismoarcos.es/wp-content/uploads/2021/03/capilla-de-la-misericordia-1.jpg"><img loading="lazy" decoding="async" class="no-lazy" src="https://www.turismoarcos.es/wp-content/uploads/2021/03/capilla-de-la-misericordia-1-490x380.jpg" width="533" height="800" alt="Capilla de la Misericordia" /><div class="delicious-gallery-on-hover"><span class="is-alt-text">Capilla de la Misericordia</span></div></a></li></ul></div>[/vc_column][vc_column width=&#8221;1/2&#8243; dt_animation=&#8221;wow fadeInUp&#8221; css=&#8221;.vc_custom_1616057854293{padding-top: 70px !important;padding-right: 80px !important;padding-bottom: 80px !important;padding-left: 80px !important;background-color: #fafafa !important;}&#8221; dt_animation_delay=&#8221;0.3&#8243;][vc_column_text]</p>
<p style="text-align: justify;">Es wurde in 1490 vom Marquis von Cádiz für verlassene Kinder und als Heim und Krankenhaus für Frauen gegründet. Die Fassade ist im eleganten gotischen Stil gehalten, während das Innere der Fassade, die auf Kapitellen geschnitzt ist, die einzigen beiden Porträts der Marquisen von Cádiz sind. Dies sind zwei kleine Büsten, die von einem Fries aus allegorischen Tieren begleitet werden. Herr Rodrigo erscheint mit spitzem Bart und Haaren, dem Körper und den Krallen des Löwen und mit einem Hut auf dem Kopf; Frau Beatriz hält die Krone einer Marquise, ein Zepter und einen Spieß. Zur Zeit wird die Kapelle als Ausstellungsraum, für Buchpräsentationen, Konferenzen usw. genutzt.</p>
<p style="text-align: justify;"><strong>BESUCHSZEITEN</strong>: Verfügbarkeit prüfen.</p>
<p style="text-align: justify;">Auskunft: Kulturamt der Stadt: Telefonnummer: +34 956 70 30 13 / cultura@arcosdelafrontera.es</p>
<p>[/vc_column_text][vc_empty_space height=&#8221;40px&#8221;][/vc_column][/vc_row][vc_row][vc_column][vc_column_text][/vc_column_text][/vc_column][/vc_row][vc_row full_width=&#8221;stretch_row&#8221; css=&#8221;.vc_custom_1497330579291{padding-top: 30px !important;padding-bottom: 35px !important;background-color: #ededed !important;}&#8221;][vc_column width=&#8221;1/12&#8243;][/vc_column][vc_column width=&#8221;7/12&#8243;][vc_custom_heading text=&#8221;Hast du irgendwelche Zweifel?&#8221; font_container=&#8221;tag:p|font_size:36px|text_align:left|color:%23323232|line_height:42px&#8221; use_theme_fonts=&#8221;yes&#8221; css_animation=&#8221;fadeInUp&#8221;][/vc_column][vc_column css_animation=&#8221;none&#8221; width=&#8221;3/12&#8243; dt_animation=&#8221;wow fadeInUp&#8221; dt_animation_delay=&#8221;0.4&#8243;]<div class="button-right"><a  class="dt-button green  round  dt-icon-left" href="#"><i class="fa fa-paper-plane-o"></i>KONTAKT FORMULAR</a></div>[/vc_column][vc_column width=&#8221;1/12&#8243;][/vc_column][/vc_row]</p>
</div>
