{"id":5966,"date":"2021-03-18T13:05:06","date_gmt":"2021-03-18T13:05:06","guid":{"rendered":"https:\/\/www.turismoarcos.es\/convento-de-los-jesuitas-colegio-virgen-de-las-nieves\/"},"modified":"2021-11-04T10:36:39","modified_gmt":"2021-11-04T09:36:39","slug":"convento-de-los-jesuitas-colegio-virgen-de-las-nieves","status":"publish","type":"page","link":"https:\/\/www.turismoarcos.es\/de\/convento-de-los-jesuitas-colegio-virgen-de-las-nieves\/","title":{"rendered":"Kloster der Jesuiten. \u201eNtra. Sra. de las Nieves\u201c Schule"},"content":{"rendered":"<div class=\"wpb-content-wrapper\"><p>[vc_row full_width=&#8221;stretch_row&#8221; parallax=&#8221;content-moving-fade&#8221; parallax_image=&#8221;2104&#8243; el_id=&#8221;about-us&#8221; dt_color=&#8221;#abd8a6&#8243; dt_color_opacity=&#8221;70&#8243; css=&#8221;.vc_custom_1623833136050{padding-top: 300px !important;padding-bottom: 90px !important;}&#8221;][vc_column width=&#8221;1\/6&#8243;][\/vc_column][vc_column width=&#8221;2\/3&#8243; dt_animation=&#8221;wow fadeInUp&#8221; dt_animation_delay=&#8221;0.3&#8243;]<div class=\"title-center\"><div class=\"dt-title-wrapper section-title-big style-1\"><h2 class=\"section-title\">Kloster der Jesuiten. \u201eNtra. Sra. de las Nieves\u201c Schule<\/h2><svg class=\"zigzag\" version=\"1.1\" xmlns=\"http:\/\/www.w3.org\/2000\/svg\" xmlns:xlink=\"http:\/\/www.w3.org\/1999\/xlink\" preserveAspectRatio=\"xMidYMid meet\" viewBox=\"0 0 90 8\" width=\"90\" height=\"8\"><defs><path d=\"M90 8L82.5 0L75 8L67.5 0L60 8L52.5 0L45 8L37.5 0L30 8L22.5 0L15 8L7.5 0L0 8\" id=\"a6L8UcKib\"><\/path><\/defs><g><g><use xlink:href=\"#a6L8UcKib\" opacity=\"1\" fill-opacity=\"0\" stroke=\"#000000\" stroke-width=\"1\" stroke-opacity=\"1\"><\/use><\/g><\/g><\/svg><\/div><\/div>[\/vc_column][vc_column width=&#8221;1\/6&#8243;][\/vc_column][\/vc_row][vc_row][vc_column][vc_column_text][\/vc_column_text][\/vc_column][\/vc_row][vc_row full_width=&#8221;stretch_row_content&#8221; equal_height=&#8221;yes&#8221;][vc_column width=&#8221;1\/2&#8243; css=&#8221;.vc_custom_1616057344094{padding-top: 0px !important;padding-bottom: 0px !important;background-position: center !important;background-repeat: no-repeat !important;background-size: cover !important;}&#8221;]<div id=\"dt-gallery-ecf\" class=\"delicious-gallery-wrapper\" data-token=\"1Jsa3\"><ul class=\"delicious-gallery isotope dt-gallery is-grid dt-gap-20\"><li class=\"delicious-gallery-item  remove-grayscale\"><a class=\"not-link dt-lightbox-gallery\" title=\"Convento de los Jesuitas. Colegio Virgen de las Nieves\" href=\"https:\/\/www.turismoarcos.es\/wp-content\/uploads\/2021\/03\/Convento-de-los-Jesuitas.-Colegio-Virgen-de-las-Nieves07.jpg\"><img loading=\"lazy\" decoding=\"async\" class=\"no-lazy\" src=\"https:\/\/www.turismoarcos.es\/wp-content\/uploads\/2021\/03\/Convento-de-los-Jesuitas.-Colegio-Virgen-de-las-Nieves07-490x380.jpg\" width=\"800\" height=\"600\" alt=\"Convento de los Jesuitas. Colegio Virgen de las Nieves\" \/><div class=\"delicious-gallery-on-hover\"><span class=\"is-alt-text\">Convento de los Jesuitas. Colegio Virgen de las Nieves<\/span><\/div><\/a><\/li><li class=\"delicious-gallery-item  remove-grayscale\"><a class=\"not-link dt-lightbox-gallery\" title=\"Convento de los Jesuitas. Colegio Virgen de las Nieves\" href=\"https:\/\/www.turismoarcos.es\/wp-content\/uploads\/2021\/03\/Convento-de-los-Jesuitas.-Colegio-Virgen-de-las-Nieves06.jpg\"><img loading=\"lazy\" decoding=\"async\" class=\"no-lazy\" src=\"https:\/\/www.turismoarcos.es\/wp-content\/uploads\/2021\/03\/Convento-de-los-Jesuitas.-Colegio-Virgen-de-las-Nieves06-490x380.jpg\" width=\"800\" height=\"600\" alt=\"Convento de los Jesuitas. Colegio Virgen de las Nieves\" \/><div class=\"delicious-gallery-on-hover\"><span class=\"is-alt-text\">Convento de los Jesuitas. Colegio Virgen de las Nieves<\/span><\/div><\/a><\/li><li class=\"delicious-gallery-item  remove-grayscale\"><a class=\"not-link dt-lightbox-gallery\" title=\"Convento de los Jesuitas. Colegio Virgen de las Nieves\" href=\"https:\/\/www.turismoarcos.es\/wp-content\/uploads\/2021\/03\/Convento-de-los-Jesuitas.-Colegio-Virgen-de-las-Nieves05.jpg\"><img loading=\"lazy\" decoding=\"async\" class=\"no-lazy\" src=\"https:\/\/www.turismoarcos.es\/wp-content\/uploads\/2021\/03\/Convento-de-los-Jesuitas.-Colegio-Virgen-de-las-Nieves05-490x380.jpg\" width=\"400\" height=\"600\" alt=\"Convento de los Jesuitas. Colegio Virgen de las Nieves\" \/><div class=\"delicious-gallery-on-hover\"><span class=\"is-alt-text\">Convento de los Jesuitas. Colegio Virgen de las Nieves<\/span><\/div><\/a><\/li><li class=\"delicious-gallery-item  remove-grayscale\"><a class=\"not-link dt-lightbox-gallery\" title=\"Convento de los Jesuitas. Colegio Virgen de las Nieves\" href=\"https:\/\/www.turismoarcos.es\/wp-content\/uploads\/2021\/03\/Convento-de-los-Jesuitas.-Colegio-Virgen-de-las-Nieves04.jpg\"><img loading=\"lazy\" decoding=\"async\" class=\"no-lazy\" src=\"https:\/\/www.turismoarcos.es\/wp-content\/uploads\/2021\/03\/Convento-de-los-Jesuitas.-Colegio-Virgen-de-las-Nieves04-490x380.jpg\" width=\"400\" height=\"600\" alt=\"Convento de los Jesuitas. Colegio Virgen de las Nieves\" \/><div class=\"delicious-gallery-on-hover\"><span class=\"is-alt-text\">Convento de los Jesuitas. Colegio Virgen de las Nieves<\/span><\/div><\/a><\/li><li class=\"delicious-gallery-item  remove-grayscale\"><a class=\"not-link dt-lightbox-gallery\" title=\"Convento de los Jesuitas. Colegio Virgen de las Nieves\" href=\"https:\/\/www.turismoarcos.es\/wp-content\/uploads\/2021\/03\/Convento-de-los-Jesuitas.-Colegio-Virgen-de-las-Nieves03.jpg\"><img loading=\"lazy\" decoding=\"async\" class=\"no-lazy\" src=\"https:\/\/www.turismoarcos.es\/wp-content\/uploads\/2021\/03\/Convento-de-los-Jesuitas.-Colegio-Virgen-de-las-Nieves03-490x380.jpg\" width=\"800\" height=\"533\" alt=\"Convento de los Jesuitas. Colegio Virgen de las Nieves\" \/><div class=\"delicious-gallery-on-hover\"><span class=\"is-alt-text\">Convento de los Jesuitas. Colegio Virgen de las Nieves<\/span><\/div><\/a><\/li><li class=\"delicious-gallery-item  remove-grayscale\"><a class=\"not-link dt-lightbox-gallery\" title=\"Convento de los Jesuitas. Colegio Virgen de las Nieves\" href=\"https:\/\/www.turismoarcos.es\/wp-content\/uploads\/2021\/03\/Convento-de-los-Jesuitas.-Colegio-Virgen-de-las-Nieves02.jpg\"><img loading=\"lazy\" decoding=\"async\" class=\"no-lazy\" src=\"https:\/\/www.turismoarcos.es\/wp-content\/uploads\/2021\/03\/Convento-de-los-Jesuitas.-Colegio-Virgen-de-las-Nieves02-490x380.jpg\" width=\"400\" height=\"600\" alt=\"Convento de los Jesuitas. Colegio Virgen de las Nieves\" \/><div class=\"delicious-gallery-on-hover\"><span class=\"is-alt-text\">Convento de los Jesuitas. Colegio Virgen de las Nieves<\/span><\/div><\/a><\/li><li class=\"delicious-gallery-item  remove-grayscale\"><a class=\"not-link dt-lightbox-gallery\" title=\"Convento de los Jesuitas. Colegio Virgen de las Nieves\" href=\"https:\/\/www.turismoarcos.es\/wp-content\/uploads\/2021\/03\/Convento-de-los-Jesuitas.-Colegio-Virgen-de-las-Nieves01.jpg\"><img loading=\"lazy\" decoding=\"async\" class=\"no-lazy\" src=\"https:\/\/www.turismoarcos.es\/wp-content\/uploads\/2021\/03\/Convento-de-los-Jesuitas.-Colegio-Virgen-de-las-Nieves01-490x380.jpg\" width=\"800\" height=\"600\" alt=\"Convento de los Jesuitas. Colegio Virgen de las Nieves\" \/><div class=\"delicious-gallery-on-hover\"><span class=\"is-alt-text\">Convento de los Jesuitas. Colegio Virgen de las Nieves<\/span><\/div><\/a><\/li><li class=\"delicious-gallery-item  remove-grayscale\"><a class=\"not-link dt-lightbox-gallery\" title=\"Convento de los Jesuitas. Colegio Virgen de las Nieves\" href=\"https:\/\/www.turismoarcos.es\/wp-content\/uploads\/2021\/03\/Convento-de-los-Jesuitas.-Colegio-Virgen-de-las-Nieves08.jpg\"><img loading=\"lazy\" decoding=\"async\" class=\"no-lazy\" src=\"https:\/\/www.turismoarcos.es\/wp-content\/uploads\/2021\/03\/Convento-de-los-Jesuitas.-Colegio-Virgen-de-las-Nieves08-490x380.jpg\" width=\"772\" height=\"600\" alt=\"Convento de los Jesuitas. Colegio Virgen de las Nieves\" \/><div class=\"delicious-gallery-on-hover\"><span class=\"is-alt-text\">Convento de los Jesuitas. Colegio Virgen de las Nieves<\/span><\/div><\/a><\/li><\/ul><\/div>[\/vc_column][vc_column width=&#8221;1\/2&#8243; dt_animation=&#8221;wow fadeInUp&#8221; css=&#8221;.vc_custom_1616057854293{padding-top: 70px !important;padding-right: 80px !important;padding-bottom: 80px !important;padding-left: 80px !important;background-color: #fafafa !important;}&#8221; dt_animation_delay=&#8221;0.3&#8243;][vc_column_text]<\/p>\n<p style=\"text-align: justify;\">Es wurde in 1675 gegr\u00fcndet und den Jesuitenpriestern der Barmherzigkeit anvertraut. Herr Diego de Viru\u00e9s schenkte sie ihnen ihr eigenes Zuhause.\u00a0 Mit der Vertreibung der Jesuiten bewohnte den Mercedarier-Orden das Geb\u00e4ude durch k\u00f6niglichen Erlass im Jahre 1785 bis zur Desamortisation von Mendiz\u00e1bal. Der Stahlbetonsturz seiner Fassade tr\u00e4gt das Schild Spaniens und die Lilien der Bourbonen.\u00a0 Es hat ein starkes Auftreten und eine schlichte, klassische Fassade.\u00a0 Innen zwei interessante Kassettendecken, eine auf der Treppe und die andere im Obergeschoss. Derzeit wird es als staatliche Schule genutzt.<\/p>\n<p style=\"text-align: justify;\"><strong>BESUCHSZEITEN:<\/strong> Nur Fassadenbesichtigung m\u00f6glich.<\/p>\n<p>[\/vc_column_text][vc_empty_space height=&#8221;40px&#8221;][\/vc_column][\/vc_row][vc_row][vc_column][vc_column_text][\/vc_column_text][\/vc_column][\/vc_row][vc_row full_width=&#8221;stretch_row&#8221; css=&#8221;.vc_custom_1497330579291{padding-top: 30px !important;padding-bottom: 35px !important;background-color: #ededed !important;}&#8221;][vc_column width=&#8221;1\/12&#8243;][\/vc_column][vc_column width=&#8221;7\/12&#8243;][vc_custom_heading text=&#8221;Hast du irgendwelche Zweifel?&#8221; font_container=&#8221;tag:p|font_size:36px|text_align:left|color:%23323232|line_height:42px&#8221; use_theme_fonts=&#8221;yes&#8221; css_animation=&#8221;fadeInUp&#8221;][\/vc_column][vc_column css_animation=&#8221;none&#8221; width=&#8221;3\/12&#8243; dt_animation=&#8221;wow fadeInUp&#8221; dt_animation_delay=&#8221;0.4&#8243;]<div class=\"button-right\"><a  class=\"dt-button green  round  dt-icon-left\" href=\"#\"><i class=\"fa fa-paper-plane-o\"><\/i>KONTAKT FORMULAR<\/a><\/div>[\/vc_column][vc_column width=&#8221;1\/12&#8243;][\/vc_column][\/vc_row]<\/p>\n<\/div>","protected":false},"excerpt":{"rendered":"<p>[vc_row full_width=&#8221;stretch_row&#8221; parallax=&#8221;content-moving-fade&#8221; parallax_image=&#8221;2104&#8243; el_id=&#8221;about-us&#8221; dt_color=&#8221;#abd8a6&#8243; dt_color_opacity=&#8221;70&#8243; css=&#8221;.vc_custom_1623833136050{padding-top: 300px !important;padding-bottom: 90px !important;}&#8221;][vc_column width=&#8221;1\/6&#8243;][\/vc_column][vc_column width=&#8221;2\/3&#8243; dt_animation=&#8221;wow fadeInUp&#8221; dt_animation_delay=&#8221;0.3&#8243;][\/vc_column][vc_column width=&#8221;1\/6&#8243;][\/vc_column][\/vc_row][vc_row][vc_column][vc_column_text][\/vc_column_text][\/vc_column][\/vc_row][vc_row&#8230; <a class=\"excerpt-read-more\" href=\"https:\/\/www.turismoarcos.es\/de\/convento-de-los-jesuitas-colegio-virgen-de-las-nieves\/\"><span>Read More<\/span><\/a><\/p>\n","protected":false},"author":1,"featured_media":0,"parent":0,"menu_order":0,"comment_status":"closed","ping_status":"closed","template":"","meta":{"footnotes":""},"class_list":["post-5966","page","type-page","status-publish","hentry"],"_links":{"self":[{"href":"https:\/\/www.turismoarcos.es\/de\/wp-json\/wp\/v2\/pages\/5966","targetHints":{"allow":["GET"]}}],"collection":[{"href":"https:\/\/www.turismoarcos.es\/de\/wp-json\/wp\/v2\/pages"}],"about":[{"href":"https:\/\/www.turismoarcos.es\/de\/wp-json\/wp\/v2\/types\/page"}],"author":[{"embeddable":true,"href":"https:\/\/www.turismoarcos.es\/de\/wp-json\/wp\/v2\/users\/1"}],"replies":[{"embeddable":true,"href":"https:\/\/www.turismoarcos.es\/de\/wp-json\/wp\/v2\/comments?post=5966"}],"version-history":[{"count":3,"href":"https:\/\/www.turismoarcos.es\/de\/wp-json\/wp\/v2\/pages\/5966\/revisions"}],"predecessor-version":[{"id":6242,"href":"https:\/\/www.turismoarcos.es\/de\/wp-json\/wp\/v2\/pages\/5966\/revisions\/6242"}],"wp:attachment":[{"href":"https:\/\/www.turismoarcos.es\/de\/wp-json\/wp\/v2\/media?parent=5966"}],"curies":[{"name":"wp","href":"https:\/\/api.w.org\/{rel}","templated":true}]}}

<div class="wpb-content-wrapper"><p>[vc_row full_width=&#8221;stretch_row&#8221; parallax=&#8221;content-moving-fade&#8221; parallax_image=&#8221;2104&#8243; el_id=&#8221;about-us&#8221; dt_color=&#8221;#abd8a6&#8243; dt_color_opacity=&#8221;70&#8243; css=&#8221;.vc_custom_1623833136050{padding-top: 300px !important;padding-bottom: 90px !important;}&#8221;][vc_column width=&#8221;1/6&#8243;][/vc_column][vc_column width=&#8221;2/3&#8243; dt_animation=&#8221;wow fadeInUp&#8221; dt_animation_delay=&#8221;0.3&#8243;]<div class="title-center"><div class="dt-title-wrapper section-title-big style-1"><h2 class="section-title">Kloster der Jesuiten. „Ntra. Sra. de las Nieves“ Schule</h2><svg class="zigzag" version="1.1" xmlns="http://www.w3.org/2000/svg" xmlns:xlink="http://www.w3.org/1999/xlink" preserveAspectRatio="xMidYMid meet" viewBox="0 0 90 8" width="90" height="8"><defs><path d="M90 8L82.5 0L75 8L67.5 0L60 8L52.5 0L45 8L37.5 0L30 8L22.5 0L15 8L7.5 0L0 8" id="a6L8UcKib"></path></defs><g><g><use xlink:href="#a6L8UcKib" opacity="1" fill-opacity="0" stroke="#000000" stroke-width="1" stroke-opacity="1"></use></g></g></svg></div></div>[/vc_column][vc_column width=&#8221;1/6&#8243;][/vc_column][/vc_row][vc_row][vc_column][vc_column_text][/vc_column_text][/vc_column][/vc_row][vc_row full_width=&#8221;stretch_row_content&#8221; equal_height=&#8221;yes&#8221;][vc_column width=&#8221;1/2&#8243; css=&#8221;.vc_custom_1616057344094{padding-top: 0px !important;padding-bottom: 0px !important;background-position: center !important;background-repeat: no-repeat !important;background-size: cover !important;}&#8221;]<div id="dt-gallery-ecf" class="delicious-gallery-wrapper" data-token="1Jsa3"><ul class="delicious-gallery isotope dt-gallery is-grid dt-gap-20"><li class="delicious-gallery-item  remove-grayscale"><a class="not-link dt-lightbox-gallery" title="Convento de los Jesuitas. Colegio Virgen de las Nieves" href="https://www.turismoarcos.es/wp-content/uploads/2021/03/Convento-de-los-Jesuitas.-Colegio-Virgen-de-las-Nieves07.jpg"><img loading="lazy" decoding="async" class="no-lazy" src="https://www.turismoarcos.es/wp-content/uploads/2021/03/Convento-de-los-Jesuitas.-Colegio-Virgen-de-las-Nieves07-490x380.jpg" width="800" height="600" alt="Convento de los Jesuitas. Colegio Virgen de las Nieves" /><div class="delicious-gallery-on-hover"><span class="is-alt-text">Convento de los Jesuitas. Colegio Virgen de las Nieves</span></div></a></li><li class="delicious-gallery-item  remove-grayscale"><a class="not-link dt-lightbox-gallery" title="Convento de los Jesuitas. Colegio Virgen de las Nieves" href="https://www.turismoarcos.es/wp-content/uploads/2021/03/Convento-de-los-Jesuitas.-Colegio-Virgen-de-las-Nieves06.jpg"><img loading="lazy" decoding="async" class="no-lazy" src="https://www.turismoarcos.es/wp-content/uploads/2021/03/Convento-de-los-Jesuitas.-Colegio-Virgen-de-las-Nieves06-490x380.jpg" width="800" height="600" alt="Convento de los Jesuitas. Colegio Virgen de las Nieves" /><div class="delicious-gallery-on-hover"><span class="is-alt-text">Convento de los Jesuitas. Colegio Virgen de las Nieves</span></div></a></li><li class="delicious-gallery-item  remove-grayscale"><a class="not-link dt-lightbox-gallery" title="Convento de los Jesuitas. Colegio Virgen de las Nieves" href="https://www.turismoarcos.es/wp-content/uploads/2021/03/Convento-de-los-Jesuitas.-Colegio-Virgen-de-las-Nieves05.jpg"><img loading="lazy" decoding="async" class="no-lazy" src="https://www.turismoarcos.es/wp-content/uploads/2021/03/Convento-de-los-Jesuitas.-Colegio-Virgen-de-las-Nieves05-490x380.jpg" width="400" height="600" alt="Convento de los Jesuitas. Colegio Virgen de las Nieves" /><div class="delicious-gallery-on-hover"><span class="is-alt-text">Convento de los Jesuitas. Colegio Virgen de las Nieves</span></div></a></li><li class="delicious-gallery-item  remove-grayscale"><a class="not-link dt-lightbox-gallery" title="Convento de los Jesuitas. Colegio Virgen de las Nieves" href="https://www.turismoarcos.es/wp-content/uploads/2021/03/Convento-de-los-Jesuitas.-Colegio-Virgen-de-las-Nieves04.jpg"><img loading="lazy" decoding="async" class="no-lazy" src="https://www.turismoarcos.es/wp-content/uploads/2021/03/Convento-de-los-Jesuitas.-Colegio-Virgen-de-las-Nieves04-490x380.jpg" width="400" height="600" alt="Convento de los Jesuitas. Colegio Virgen de las Nieves" /><div class="delicious-gallery-on-hover"><span class="is-alt-text">Convento de los Jesuitas. Colegio Virgen de las Nieves</span></div></a></li><li class="delicious-gallery-item  remove-grayscale"><a class="not-link dt-lightbox-gallery" title="Convento de los Jesuitas. Colegio Virgen de las Nieves" href="https://www.turismoarcos.es/wp-content/uploads/2021/03/Convento-de-los-Jesuitas.-Colegio-Virgen-de-las-Nieves03.jpg"><img loading="lazy" decoding="async" class="no-lazy" src="https://www.turismoarcos.es/wp-content/uploads/2021/03/Convento-de-los-Jesuitas.-Colegio-Virgen-de-las-Nieves03-490x380.jpg" width="800" height="533" alt="Convento de los Jesuitas. Colegio Virgen de las Nieves" /><div class="delicious-gallery-on-hover"><span class="is-alt-text">Convento de los Jesuitas. Colegio Virgen de las Nieves</span></div></a></li><li class="delicious-gallery-item  remove-grayscale"><a class="not-link dt-lightbox-gallery" title="Convento de los Jesuitas. Colegio Virgen de las Nieves" href="https://www.turismoarcos.es/wp-content/uploads/2021/03/Convento-de-los-Jesuitas.-Colegio-Virgen-de-las-Nieves02.jpg"><img loading="lazy" decoding="async" class="no-lazy" src="https://www.turismoarcos.es/wp-content/uploads/2021/03/Convento-de-los-Jesuitas.-Colegio-Virgen-de-las-Nieves02-490x380.jpg" width="400" height="600" alt="Convento de los Jesuitas. Colegio Virgen de las Nieves" /><div class="delicious-gallery-on-hover"><span class="is-alt-text">Convento de los Jesuitas. Colegio Virgen de las Nieves</span></div></a></li><li class="delicious-gallery-item  remove-grayscale"><a class="not-link dt-lightbox-gallery" title="Convento de los Jesuitas. Colegio Virgen de las Nieves" href="https://www.turismoarcos.es/wp-content/uploads/2021/03/Convento-de-los-Jesuitas.-Colegio-Virgen-de-las-Nieves01.jpg"><img loading="lazy" decoding="async" class="no-lazy" src="https://www.turismoarcos.es/wp-content/uploads/2021/03/Convento-de-los-Jesuitas.-Colegio-Virgen-de-las-Nieves01-490x380.jpg" width="800" height="600" alt="Convento de los Jesuitas. Colegio Virgen de las Nieves" /><div class="delicious-gallery-on-hover"><span class="is-alt-text">Convento de los Jesuitas. Colegio Virgen de las Nieves</span></div></a></li><li class="delicious-gallery-item  remove-grayscale"><a class="not-link dt-lightbox-gallery" title="Convento de los Jesuitas. Colegio Virgen de las Nieves" href="https://www.turismoarcos.es/wp-content/uploads/2021/03/Convento-de-los-Jesuitas.-Colegio-Virgen-de-las-Nieves08.jpg"><img loading="lazy" decoding="async" class="no-lazy" src="https://www.turismoarcos.es/wp-content/uploads/2021/03/Convento-de-los-Jesuitas.-Colegio-Virgen-de-las-Nieves08-490x380.jpg" width="772" height="600" alt="Convento de los Jesuitas. Colegio Virgen de las Nieves" /><div class="delicious-gallery-on-hover"><span class="is-alt-text">Convento de los Jesuitas. Colegio Virgen de las Nieves</span></div></a></li></ul></div>[/vc_column][vc_column width=&#8221;1/2&#8243; dt_animation=&#8221;wow fadeInUp&#8221; css=&#8221;.vc_custom_1616057854293{padding-top: 70px !important;padding-right: 80px !important;padding-bottom: 80px !important;padding-left: 80px !important;background-color: #fafafa !important;}&#8221; dt_animation_delay=&#8221;0.3&#8243;][vc_column_text]</p>
<p style="text-align: justify;">Es wurde in 1675 gegründet und den Jesuitenpriestern der Barmherzigkeit anvertraut. Herr Diego de Virués schenkte sie ihnen ihr eigenes Zuhause.  Mit der Vertreibung der Jesuiten bewohnte den Mercedarier-Orden das Gebäude durch königlichen Erlass im Jahre 1785 bis zur Desamortisation von Mendizábal. Der Stahlbetonsturz seiner Fassade trägt das Schild Spaniens und die Lilien der Bourbonen.  Es hat ein starkes Auftreten und eine schlichte, klassische Fassade.  Innen zwei interessante Kassettendecken, eine auf der Treppe und die andere im Obergeschoss. Derzeit wird es als staatliche Schule genutzt.</p>
<p style="text-align: justify;"><strong>BESUCHSZEITEN:</strong> Nur Fassadenbesichtigung möglich.</p>
<p>[/vc_column_text][vc_empty_space height=&#8221;40px&#8221;][/vc_column][/vc_row][vc_row][vc_column][vc_column_text][/vc_column_text][/vc_column][/vc_row][vc_row full_width=&#8221;stretch_row&#8221; css=&#8221;.vc_custom_1497330579291{padding-top: 30px !important;padding-bottom: 35px !important;background-color: #ededed !important;}&#8221;][vc_column width=&#8221;1/12&#8243;][/vc_column][vc_column width=&#8221;7/12&#8243;][vc_custom_heading text=&#8221;Hast du irgendwelche Zweifel?&#8221; font_container=&#8221;tag:p|font_size:36px|text_align:left|color:%23323232|line_height:42px&#8221; use_theme_fonts=&#8221;yes&#8221; css_animation=&#8221;fadeInUp&#8221;][/vc_column][vc_column css_animation=&#8221;none&#8221; width=&#8221;3/12&#8243; dt_animation=&#8221;wow fadeInUp&#8221; dt_animation_delay=&#8221;0.4&#8243;]<div class="button-right"><a  class="dt-button green  round  dt-icon-left" href="#"><i class="fa fa-paper-plane-o"></i>KONTAKT FORMULAR</a></div>[/vc_column][vc_column width=&#8221;1/12&#8243;][/vc_column][/vc_row]</p>
</div>
