{"id":12042,"date":"2023-12-13T13:36:54","date_gmt":"2023-12-13T12:36:54","guid":{"rendered":"https:\/\/www.turismoarcos.es\/events\/iii-ciclo-internacional-de-organo-2\/"},"modified":"2023-12-13T13:37:40","modified_gmt":"2023-12-13T12:37:40","slug":"iii-ciclo-internacional-de-organo-2","status":"publish","type":"mec-events","link":"https:\/\/www.turismoarcos.es\/en\/events\/iii-ciclo-internacional-de-organo-2\/","title":{"rendered":"III CICLO INTERNACIONAL DE \u00d3RGANO"},"content":{"rendered":"<h4 style=\"text-align: center;\">III CICLO INTERNACIONAL DE \u00d3RGANO<\/h4>\n<h4 id=\"tw-target-text\" class=\"tw-data-text tw-text-large tw-ta\" dir=\"ltr\" style=\"text-align: center;\" data-placeholder=\"Traducci\u00f3n\" data-ved=\"2ahUKEwjutvfIrYyDAxXn7LsIHdKWDjIQ3ewLegQIBRAQ\"><span class=\"Y2IQFc\" lang=\"en\">Friday December 22, 2023 &#8211; 8:00 p.m.<\/span><\/h4>\n<h4 style=\"text-align: center;\">Bas\u00edlica Menor de Sta. Mar\u00eda<\/h4>\n<h4 style=\"text-align: center;\"><\/h4>\n","protected":false},"excerpt":{"rendered":"<p>III CICLO INTERNACIONAL DE \u00d3RGANO Friday December 22, 2023 &#8211; 8:00 p.m. Bas\u00edlica Menor de Sta. Mar\u00eda<\/p>\n","protected":false},"author":6,"featured_media":12034,"comment_status":"closed","ping_status":"closed","template":"","tags":[],"mec_category":[315],"class_list":["post-12042","mec-events","type-mec-events","status-publish","has-post-thumbnail","hentry","mec_category-cultura-arcosdelafrontera-en"],"_links":{"self":[{"href":"https:\/\/www.turismoarcos.es\/en\/wp-json\/wp\/v2\/mec-events\/12042","targetHints":{"allow":["GET"]}}],"collection":[{"href":"https:\/\/www.turismoarcos.es\/en\/wp-json\/wp\/v2\/mec-events"}],"about":[{"href":"https:\/\/www.turismoarcos.es\/en\/wp-json\/wp\/v2\/types\/mec-events"}],"author":[{"embeddable":true,"href":"https:\/\/www.turismoarcos.es\/en\/wp-json\/wp\/v2\/users\/6"}],"replies":[{"embeddable":true,"href":"https:\/\/www.turismoarcos.es\/en\/wp-json\/wp\/v2\/comments?post=12042"}],"wp:featuredmedia":[{"embeddable":true,"href":"https:\/\/www.turismoarcos.es\/en\/wp-json\/wp\/v2\/media\/12034"}],"wp:attachment":[{"href":"https:\/\/www.turismoarcos.es\/en\/wp-json\/wp\/v2\/media?parent=12042"}],"wp:term":[{"taxonomy":"post_tag","embeddable":true,"href":"https:\/\/www.turismoarcos.es\/en\/wp-json\/wp\/v2\/tags?post=12042"},{"taxonomy":"mec_category","embeddable":true,"href":"https:\/\/www.turismoarcos.es\/en\/wp-json\/wp\/v2\/mec_category?post=12042"}],"curies":[{"name":"wp","href":"https:\/\/api.w.org\/{rel}","templated":true}]}}

III CICLO INTERNACIONAL DE ÓRGANO

<h4 style="text-align: center;">III CICLO INTERNACIONAL DE ÓRGANO</h4>
<h4 id="tw-target-text" class="tw-data-text tw-text-large tw-ta" dir="ltr" style="text-align: center;" data-placeholder="Traducción" data-ved="2ahUKEwjutvfIrYyDAxXn7LsIHdKWDjIQ3ewLegQIBRAQ"><span class="Y2IQFc" lang="en">Friday December 22, 2023 &#8211; 8:00 p.m.</span></h4>
<h4 style="text-align: center;">Basílica Menor de Sta. María</h4>
<h4 style="text-align: center;"></h4>

<p>III CICLO INTERNACIONAL DE ÓRGANO Friday December 22, 2023 &#8211; 8:00 p.m. Basílica Menor de Sta. María</p>
