{"id":16794,"date":"2025-10-30T14:47:32","date_gmt":"2025-10-30T13:47:32","guid":{"rendered":"https:\/\/www.turismoarcos.es\/events\/exposicion-de-fotografia-6\/"},"modified":"2025-11-19T17:20:57","modified_gmt":"2025-11-19T16:20:57","slug":"exposicion-de-fotografia-6","status":"publish","type":"mec-events","link":"https:\/\/www.turismoarcos.es\/en\/events\/exposicion-de-fotografia-6\/","title":{"rendered":"EXPOSICI\u00d3N DE FOTOGRAF\u00cdA"},"content":{"rendered":"<h4 style=\"text-align: center;\">INAUGURACI\u00d3N DE EXPOSICI\u00d3N DE FOTOGRAF\u00cdA<\/h4>\n<h4 style=\"text-align: center;\">&#8220;INQUIETUDES 2025&#8221;<\/h4>\n<h4 style=\"text-align: center;\">Mi\u00e9rcoles 19 de noviembre 2025 &#8211; 19:00 h<\/h4>\n<h4 style=\"text-align: center;\">Sala de Exposiciones V\u00edctor Mar\u00edn<\/h4>\n","protected":false},"excerpt":{"rendered":"<p>INAUGURACI\u00d3N DE EXPOSICI\u00d3N DE FOTOGRAF\u00cdA &#8220;INQUIETUDES 2025&#8221; Mi\u00e9rcoles 19 de noviembre 2025 &#8211; 19:00 h Sala de Exposiciones&#8230; <a class=\"excerpt-read-more\" href=\"https:\/\/www.turismoarcos.es\/en\/events\/exposicion-de-fotografia-6\/\"><span>Read More<\/span><\/a><\/p>\n","protected":false},"author":6,"featured_media":17046,"comment_status":"closed","ping_status":"closed","template":"","tags":[],"mec_category":[315],"class_list":["post-16794","mec-events","type-mec-events","status-publish","has-post-thumbnail","hentry","mec_category-cultura-arcosdelafrontera-en"],"_links":{"self":[{"href":"https:\/\/www.turismoarcos.es\/en\/wp-json\/wp\/v2\/mec-events\/16794","targetHints":{"allow":["GET"]}}],"collection":[{"href":"https:\/\/www.turismoarcos.es\/en\/wp-json\/wp\/v2\/mec-events"}],"about":[{"href":"https:\/\/www.turismoarcos.es\/en\/wp-json\/wp\/v2\/types\/mec-events"}],"author":[{"embeddable":true,"href":"https:\/\/www.turismoarcos.es\/en\/wp-json\/wp\/v2\/users\/6"}],"replies":[{"embeddable":true,"href":"https:\/\/www.turismoarcos.es\/en\/wp-json\/wp\/v2\/comments?post=16794"}],"wp:featuredmedia":[{"embeddable":true,"href":"https:\/\/www.turismoarcos.es\/en\/wp-json\/wp\/v2\/media\/17046"}],"wp:attachment":[{"href":"https:\/\/www.turismoarcos.es\/en\/wp-json\/wp\/v2\/media?parent=16794"}],"wp:term":[{"taxonomy":"post_tag","embeddable":true,"href":"https:\/\/www.turismoarcos.es\/en\/wp-json\/wp\/v2\/tags?post=16794"},{"taxonomy":"mec_category","embeddable":true,"href":"https:\/\/www.turismoarcos.es\/en\/wp-json\/wp\/v2\/mec_category?post=16794"}],"curies":[{"name":"wp","href":"https:\/\/api.w.org\/{rel}","templated":true}]}}

EXPOSICIÓN DE FOTOGRAFÍA

<h4 style="text-align: center;">INAUGURACIÓN DE EXPOSICIÓN DE FOTOGRAFÍA</h4>
<h4 style="text-align: center;">&#8220;INQUIETUDES 2025&#8221;</h4>
<h4 style="text-align: center;">Miércoles 19 de noviembre 2025 &#8211; 19:00 h</h4>
<h4 style="text-align: center;">Sala de Exposiciones Víctor Marín</h4>

<p>INAUGURACIÓN DE EXPOSICIÓN DE FOTOGRAFÍA &#8220;INQUIETUDES 2025&#8221; Miércoles 19 de noviembre 2025 &#8211; 19:00 h Sala de Exposiciones&#8230; <a class="excerpt-read-more" href="https://www.turismoarcos.es/en/events/exposicion-de-fotografia-6/"><span>Read More</span></a></p>
