{"id":17140,"date":"2025-11-20T18:16:09","date_gmt":"2025-11-20T17:16:09","guid":{"rendered":"https:\/\/www.turismoarcos.es\/events\/inauguracion-belen\/"},"modified":"2025-11-20T18:16:09","modified_gmt":"2025-11-20T17:16:09","slug":"inauguracion-belen","status":"publish","type":"mec-events","link":"https:\/\/www.turismoarcos.es\/en\/events\/inauguracion-belen\/","title":{"rendered":"INAUGURACI\u00d3N BEL\u00c9N"},"content":{"rendered":"<h4 style=\"text-align: center;\">INAUGURACI\u00d3N DEL BEL\u00c9N<\/h4>\n<h4 style=\"text-align: center;\">DE LA<\/h4>\n<h4 style=\"text-align: center;\">ASOCIACI\u00d3N DE BELENISTAS &#8220;LA ADORACI\u00d3N&#8221;<\/h4>\n<h4 style=\"text-align: center;\">Viernes 5 de diciembre 2025 &#8211; 19:00 h<\/h4>\n<h4 style=\"text-align: center;\">Calle De\u00e1n Espinosa n\u00ba9 &#8211; 1\u00aa Planta<\/h4>\n","protected":false},"excerpt":{"rendered":"<p>INAUGURACI\u00d3N DEL BEL\u00c9N DE LA ASOCIACI\u00d3N DE BELENISTAS &#8220;LA ADORACI\u00d3N&#8221; Viernes 5 de diciembre 2025 &#8211; 19:00 h&#8230; <a class=\"excerpt-read-more\" href=\"https:\/\/www.turismoarcos.es\/en\/events\/inauguracion-belen\/\"><span>Read More<\/span><\/a><\/p>\n","protected":false},"author":6,"featured_media":17135,"comment_status":"closed","ping_status":"closed","template":"","tags":[],"mec_category":[315],"class_list":["post-17140","mec-events","type-mec-events","status-publish","has-post-thumbnail","hentry","mec_category-cultura-arcosdelafrontera-en"],"_links":{"self":[{"href":"https:\/\/www.turismoarcos.es\/en\/wp-json\/wp\/v2\/mec-events\/17140","targetHints":{"allow":["GET"]}}],"collection":[{"href":"https:\/\/www.turismoarcos.es\/en\/wp-json\/wp\/v2\/mec-events"}],"about":[{"href":"https:\/\/www.turismoarcos.es\/en\/wp-json\/wp\/v2\/types\/mec-events"}],"author":[{"embeddable":true,"href":"https:\/\/www.turismoarcos.es\/en\/wp-json\/wp\/v2\/users\/6"}],"replies":[{"embeddable":true,"href":"https:\/\/www.turismoarcos.es\/en\/wp-json\/wp\/v2\/comments?post=17140"}],"wp:featuredmedia":[{"embeddable":true,"href":"https:\/\/www.turismoarcos.es\/en\/wp-json\/wp\/v2\/media\/17135"}],"wp:attachment":[{"href":"https:\/\/www.turismoarcos.es\/en\/wp-json\/wp\/v2\/media?parent=17140"}],"wp:term":[{"taxonomy":"post_tag","embeddable":true,"href":"https:\/\/www.turismoarcos.es\/en\/wp-json\/wp\/v2\/tags?post=17140"},{"taxonomy":"mec_category","embeddable":true,"href":"https:\/\/www.turismoarcos.es\/en\/wp-json\/wp\/v2\/mec_category?post=17140"}],"curies":[{"name":"wp","href":"https:\/\/api.w.org\/{rel}","templated":true}]}}

INAUGURACIÓN BELÉN

<h4 style="text-align: center;">INAUGURACIÓN DEL BELÉN</h4>
<h4 style="text-align: center;">DE LA</h4>
<h4 style="text-align: center;">ASOCIACIÓN DE BELENISTAS &#8220;LA ADORACIÓN&#8221;</h4>
<h4 style="text-align: center;">Viernes 5 de diciembre 2025 &#8211; 19:00 h</h4>
<h4 style="text-align: center;">Calle Deán Espinosa nº9 &#8211; 1ª Planta</h4>

<p>INAUGURACIÓN DEL BELÉN DE LA ASOCIACIÓN DE BELENISTAS &#8220;LA ADORACIÓN&#8221; Viernes 5 de diciembre 2025 &#8211; 19:00 h&#8230; <a class="excerpt-read-more" href="https://www.turismoarcos.es/en/events/inauguracion-belen/"><span>Read More</span></a></p>
