{"id":10190,"date":"2023-05-15T09:43:48","date_gmt":"2023-05-15T08:43:48","guid":{"rendered":"https:\/\/www.turismoarcos.es\/?post_type=mec-events&#038;p=10190"},"modified":"2023-05-15T09:45:33","modified_gmt":"2023-05-15T08:45:33","slug":"itineraire-culturel-3","status":"publish","type":"mec-events","link":"https:\/\/www.turismoarcos.es\/fr\/events\/itineraire-culturel-3\/","title":{"rendered":"ITIN\u00c9RAIRE CULTUREL"},"content":{"rendered":"<h4 id=\"tw-target-text\" class=\"tw-data-text tw-text-large tw-ta\" dir=\"ltr\" style=\"text-align: center;\" data-placeholder=\"Traducci\u00f3n\"><span class=\"Y2IQFc\" lang=\"fr\">ITIN\u00c9RAIRE CULTUREL &#8220;EL \u00daLTIMO ASENTAMIENTO \u00c1RABE&#8221;<br \/>\n<\/span><\/h4>\n<h4 id=\"tw-target-text\" class=\"tw-data-text tw-text-large tw-ta\" dir=\"ltr\" style=\"text-align: center;\" data-placeholder=\"Traducci\u00f3n\"><span class=\"Y2IQFc\" lang=\"fr\">24 JUIN 2023 &#8211; 12H00<\/span><\/h4>\n","protected":false},"excerpt":{"rendered":"<p>ITIN\u00c9RAIRE CULTUREL &#8220;EL \u00daLTIMO ASENTAMIENTO \u00c1RABE&#8221; 24 JUIN 2023 &#8211; 12H00<\/p>\n","protected":false},"author":6,"featured_media":10146,"comment_status":"closed","ping_status":"closed","template":"","tags":[],"mec_category":[212],"class_list":["post-10190","mec-events","type-mec-events","status-publish","has-post-thumbnail","hentry","mec_category-delegacion-municipal-de-turismo-fr"],"_links":{"self":[{"href":"https:\/\/www.turismoarcos.es\/fr\/wp-json\/wp\/v2\/mec-events\/10190","targetHints":{"allow":["GET"]}}],"collection":[{"href":"https:\/\/www.turismoarcos.es\/fr\/wp-json\/wp\/v2\/mec-events"}],"about":[{"href":"https:\/\/www.turismoarcos.es\/fr\/wp-json\/wp\/v2\/types\/mec-events"}],"author":[{"embeddable":true,"href":"https:\/\/www.turismoarcos.es\/fr\/wp-json\/wp\/v2\/users\/6"}],"replies":[{"embeddable":true,"href":"https:\/\/www.turismoarcos.es\/fr\/wp-json\/wp\/v2\/comments?post=10190"}],"wp:featuredmedia":[{"embeddable":true,"href":"https:\/\/www.turismoarcos.es\/fr\/wp-json\/wp\/v2\/media\/10146"}],"wp:attachment":[{"href":"https:\/\/www.turismoarcos.es\/fr\/wp-json\/wp\/v2\/media?parent=10190"}],"wp:term":[{"taxonomy":"post_tag","embeddable":true,"href":"https:\/\/www.turismoarcos.es\/fr\/wp-json\/wp\/v2\/tags?post=10190"},{"taxonomy":"mec_category","embeddable":true,"href":"https:\/\/www.turismoarcos.es\/fr\/wp-json\/wp\/v2\/mec_category?post=10190"}],"curies":[{"name":"wp","href":"https:\/\/api.w.org\/{rel}","templated":true}]}}

ITINÉRAIRE CULTUREL

<h4 id="tw-target-text" class="tw-data-text tw-text-large tw-ta" dir="ltr" style="text-align: center;" data-placeholder="Traducción"><span class="Y2IQFc" lang="fr">ITINÉRAIRE CULTUREL &#8220;EL ÚLTIMO ASENTAMIENTO ÁRABE&#8221;<br />
</span></h4>
<h4 id="tw-target-text" class="tw-data-text tw-text-large tw-ta" dir="ltr" style="text-align: center;" data-placeholder="Traducción"><span class="Y2IQFc" lang="fr">24 JUIN 2023 &#8211; 12H00</span></h4>

<p>ITINÉRAIRE CULTUREL &#8220;EL ÚLTIMO ASENTAMIENTO ÁRABE&#8221; 24 JUIN 2023 &#8211; 12H00</p>
