{"id":10403,"date":"2023-06-29T11:57:28","date_gmt":"2023-06-29T10:57:28","guid":{"rendered":"https:\/\/www.turismoarcos.es\/?post_type=mec-events&#038;p=10403"},"modified":"2023-06-29T11:57:28","modified_gmt":"2023-06-29T10:57:28","slug":"lac-de-arcos-camping","status":"publish","type":"mec-events","link":"https:\/\/www.turismoarcos.es\/fr\/events\/lac-de-arcos-camping\/","title":{"rendered":"LAC DE ARCOS &#8211; CAMPING"},"content":{"rendered":"<h4 id=\"tw-target-text\" class=\"tw-data-text tw-text-large tw-ta\" dir=\"ltr\" style=\"text-align: center;\" data-placeholder=\"Traducci\u00f3n\"><span class=\"Y2IQFc\" lang=\"fr\">SAMEDI 1 JUILLET 2023 <\/span><\/h4>\n<h4 class=\"tw-data-text tw-text-large tw-ta\" dir=\"ltr\" style=\"text-align: center;\" data-placeholder=\"Traducci\u00f3n\"><span class=\"Y2IQFc\" lang=\"fr\">MARIA JOS\u00c9 FERNANDEZ (Flamenco Pop) <\/span><\/h4>\n<h4 class=\"tw-data-text tw-text-large tw-ta\" dir=\"ltr\" style=\"text-align: center;\" data-placeholder=\"Traducci\u00f3n\"><span class=\"Y2IQFc\" lang=\"fr\">18h30. -Entr\u00e9e libre <\/span><\/h4>\n<h4 class=\"tw-data-text tw-text-large tw-ta\" dir=\"ltr\" style=\"text-align: center;\" data-placeholder=\"Traducci\u00f3n\"><span class=\"Y2IQFc\" lang=\"fr\">R\u00c9SERVATIONS.- 856 36 71 41<\/span><\/h4>\n","protected":false},"excerpt":{"rendered":"<p>SAMEDI 1 JUILLET 2023 MARIA JOS\u00c9 FERNANDEZ (Flamenco Pop) 18h30. -Entr\u00e9e libre R\u00c9SERVATIONS.- 856 36 71 41<\/p>\n","protected":false},"author":6,"featured_media":10400,"comment_status":"closed","ping_status":"closed","template":"","tags":[],"mec_category":[],"class_list":["post-10403","mec-events","type-mec-events","status-publish","has-post-thumbnail","hentry"],"_links":{"self":[{"href":"https:\/\/www.turismoarcos.es\/fr\/wp-json\/wp\/v2\/mec-events\/10403","targetHints":{"allow":["GET"]}}],"collection":[{"href":"https:\/\/www.turismoarcos.es\/fr\/wp-json\/wp\/v2\/mec-events"}],"about":[{"href":"https:\/\/www.turismoarcos.es\/fr\/wp-json\/wp\/v2\/types\/mec-events"}],"author":[{"embeddable":true,"href":"https:\/\/www.turismoarcos.es\/fr\/wp-json\/wp\/v2\/users\/6"}],"replies":[{"embeddable":true,"href":"https:\/\/www.turismoarcos.es\/fr\/wp-json\/wp\/v2\/comments?post=10403"}],"wp:featuredmedia":[{"embeddable":true,"href":"https:\/\/www.turismoarcos.es\/fr\/wp-json\/wp\/v2\/media\/10400"}],"wp:attachment":[{"href":"https:\/\/www.turismoarcos.es\/fr\/wp-json\/wp\/v2\/media?parent=10403"}],"wp:term":[{"taxonomy":"post_tag","embeddable":true,"href":"https:\/\/www.turismoarcos.es\/fr\/wp-json\/wp\/v2\/tags?post=10403"},{"taxonomy":"mec_category","embeddable":true,"href":"https:\/\/www.turismoarcos.es\/fr\/wp-json\/wp\/v2\/mec_category?post=10403"}],"curies":[{"name":"wp","href":"https:\/\/api.w.org\/{rel}","templated":true}]}}

<h4 id="tw-target-text" class="tw-data-text tw-text-large tw-ta" dir="ltr" style="text-align: center;" data-placeholder="Traducción"><span class="Y2IQFc" lang="fr">SAMEDI 1 JUILLET 2023 </span></h4>
<h4 class="tw-data-text tw-text-large tw-ta" dir="ltr" style="text-align: center;" data-placeholder="Traducción"><span class="Y2IQFc" lang="fr">MARIA JOSÉ FERNANDEZ (Flamenco Pop) </span></h4>
<h4 class="tw-data-text tw-text-large tw-ta" dir="ltr" style="text-align: center;" data-placeholder="Traducción"><span class="Y2IQFc" lang="fr">18h30. -Entrée libre </span></h4>
<h4 class="tw-data-text tw-text-large tw-ta" dir="ltr" style="text-align: center;" data-placeholder="Traducción"><span class="Y2IQFc" lang="fr">RÉSERVATIONS.- 856 36 71 41</span></h4>

<p>SAMEDI 1 JUILLET 2023 MARIA JOSÉ FERNANDEZ (Flamenco Pop) 18h30. -Entrée libre RÉSERVATIONS.- 856 36 71 41</p>
