{"id":10490,"date":"2023-08-01T08:47:18","date_gmt":"2023-08-01T07:47:18","guid":{"rendered":"https:\/\/www.turismoarcos.es\/?post_type=mec-events&#038;p=10490"},"modified":"2023-08-01T08:47:18","modified_gmt":"2023-08-01T07:47:18","slug":"presentation-du-livre","status":"publish","type":"mec-events","link":"https:\/\/www.turismoarcos.es\/fr\/events\/presentation-du-livre\/","title":{"rendered":"PR\u00c9SENTATION DU LIVRE"},"content":{"rendered":"<h4 id=\"tw-target-text\" class=\"tw-data-text tw-text-large tw-ta\" dir=\"ltr\" style=\"text-align: center;\" data-placeholder=\"Traducci\u00f3n\"><span class=\"Y2IQFc\" lang=\"fr\">PR\u00c9SENTATION DU LIVRE<\/span><\/h4>\n<h4 style=\"text-align: center;\">&#8220;DE LA NOCHE A LA MA\u00d1ANA&#8221;<\/h4>\n<h4 id=\"tw-target-text\" class=\"tw-data-text tw-text-large tw-ta\" dir=\"ltr\" style=\"text-align: center;\" data-placeholder=\"Traducci\u00f3n\"><span class=\"Y2IQFc\" lang=\"fr\">MERCREDI 2 AO\u00dbT 2023<\/span><\/h4>\n<h4 id=\"tw-target-text\" class=\"tw-data-text tw-text-large tw-ta\" dir=\"ltr\" style=\"text-align: center;\" data-placeholder=\"Traducci\u00f3n\"><span class=\"Y2IQFc\" lang=\"fr\">PALAIS DE L&#8217;ANCIENNET\u00c9<\/span> &#8211; 20h00<\/h4>\n<p>&nbsp;<\/p>\n","protected":false},"excerpt":{"rendered":"<p>PR\u00c9SENTATION DU LIVRE &#8220;DE LA NOCHE A LA MA\u00d1ANA&#8221; MERCREDI 2 AO\u00dbT 2023 PALAIS DE L&#8217;ANCIENNET\u00c9 &#8211; 20h00&#8230; <a class=\"excerpt-read-more\" href=\"https:\/\/www.turismoarcos.es\/fr\/events\/presentation-du-livre\/\"><span>Read More<\/span><\/a><\/p>\n","protected":false},"author":6,"featured_media":10486,"comment_status":"closed","ping_status":"closed","template":"","tags":[],"mec_category":[214],"class_list":["post-10490","mec-events","type-mec-events","status-publish","has-post-thumbnail","hentry","mec_category-cultura-arcosdelafrontera-fr"],"_links":{"self":[{"href":"https:\/\/www.turismoarcos.es\/fr\/wp-json\/wp\/v2\/mec-events\/10490","targetHints":{"allow":["GET"]}}],"collection":[{"href":"https:\/\/www.turismoarcos.es\/fr\/wp-json\/wp\/v2\/mec-events"}],"about":[{"href":"https:\/\/www.turismoarcos.es\/fr\/wp-json\/wp\/v2\/types\/mec-events"}],"author":[{"embeddable":true,"href":"https:\/\/www.turismoarcos.es\/fr\/wp-json\/wp\/v2\/users\/6"}],"replies":[{"embeddable":true,"href":"https:\/\/www.turismoarcos.es\/fr\/wp-json\/wp\/v2\/comments?post=10490"}],"wp:featuredmedia":[{"embeddable":true,"href":"https:\/\/www.turismoarcos.es\/fr\/wp-json\/wp\/v2\/media\/10486"}],"wp:attachment":[{"href":"https:\/\/www.turismoarcos.es\/fr\/wp-json\/wp\/v2\/media?parent=10490"}],"wp:term":[{"taxonomy":"post_tag","embeddable":true,"href":"https:\/\/www.turismoarcos.es\/fr\/wp-json\/wp\/v2\/tags?post=10490"},{"taxonomy":"mec_category","embeddable":true,"href":"https:\/\/www.turismoarcos.es\/fr\/wp-json\/wp\/v2\/mec_category?post=10490"}],"curies":[{"name":"wp","href":"https:\/\/api.w.org\/{rel}","templated":true}]}}

PRÉSENTATION DU LIVRE

<h4 id="tw-target-text" class="tw-data-text tw-text-large tw-ta" dir="ltr" style="text-align: center;" data-placeholder="Traducción"><span class="Y2IQFc" lang="fr">PRÉSENTATION DU LIVRE</span></h4>
<h4 style="text-align: center;">&#8220;DE LA NOCHE A LA MAÑANA&#8221;</h4>
<h4 id="tw-target-text" class="tw-data-text tw-text-large tw-ta" dir="ltr" style="text-align: center;" data-placeholder="Traducción"><span class="Y2IQFc" lang="fr">MERCREDI 2 AOÛT 2023</span></h4>
<h4 id="tw-target-text" class="tw-data-text tw-text-large tw-ta" dir="ltr" style="text-align: center;" data-placeholder="Traducción"><span class="Y2IQFc" lang="fr">PALAIS DE L&#8217;ANCIENNETÉ</span> &#8211; 20h00</h4>
<p>&nbsp;</p>

<p>PRÉSENTATION DU LIVRE &#8220;DE LA NOCHE A LA MAÑANA&#8221; MERCREDI 2 AOÛT 2023 PALAIS DE L&#8217;ANCIENNETÉ &#8211; 20h00&#8230; <a class="excerpt-read-more" href="https://www.turismoarcos.es/fr/events/presentation-du-livre/"><span>Read More</span></a></p>
