{"id":12043,"date":"2023-12-13T13:36:54","date_gmt":"2023-12-13T12:36:54","guid":{"rendered":"https:\/\/www.turismoarcos.es\/events\/iii-ciclo-internacional-de-organo-2\/"},"modified":"2023-12-13T13:38:12","modified_gmt":"2023-12-13T12:38:12","slug":"iii-ciclo-internacional-de-organo-2","status":"publish","type":"mec-events","link":"https:\/\/www.turismoarcos.es\/fr\/events\/iii-ciclo-internacional-de-organo-2\/","title":{"rendered":"III CICLO INTERNACIONAL DE \u00d3RGANO"},"content":{"rendered":"<h4 style=\"text-align: center;\">III CICLO INTERNACIONAL DE \u00d3RGANO<\/h4>\n<h4 id=\"tw-target-text\" class=\"tw-data-text tw-text-large tw-ta\" dir=\"ltr\" style=\"text-align: center;\" data-placeholder=\"Traducci\u00f3n\" data-ved=\"2ahUKEwjutvfIrYyDAxXn7LsIHdKWDjIQ3ewLegQIBRAQ\"><span class=\"Y2IQFc\" lang=\"fr\">Vendredi 22 d\u00e9cembre 2023 &#8211; 20h00<\/span><\/h4>\n<h4 style=\"text-align: center;\">Bas\u00edlica Menor de Sta. Mar\u00eda<\/h4>\n<h4 style=\"text-align: center;\"><\/h4>\n","protected":false},"excerpt":{"rendered":"<p>III CICLO INTERNACIONAL DE \u00d3RGANO Vendredi 22 d\u00e9cembre 2023 &#8211; 20h00 Bas\u00edlica Menor de Sta. Mar\u00eda<\/p>\n","protected":false},"author":6,"featured_media":12035,"comment_status":"closed","ping_status":"closed","template":"","tags":[],"mec_category":[214],"class_list":["post-12043","mec-events","type-mec-events","status-publish","has-post-thumbnail","hentry","mec_category-cultura-arcosdelafrontera-fr"],"_links":{"self":[{"href":"https:\/\/www.turismoarcos.es\/fr\/wp-json\/wp\/v2\/mec-events\/12043","targetHints":{"allow":["GET"]}}],"collection":[{"href":"https:\/\/www.turismoarcos.es\/fr\/wp-json\/wp\/v2\/mec-events"}],"about":[{"href":"https:\/\/www.turismoarcos.es\/fr\/wp-json\/wp\/v2\/types\/mec-events"}],"author":[{"embeddable":true,"href":"https:\/\/www.turismoarcos.es\/fr\/wp-json\/wp\/v2\/users\/6"}],"replies":[{"embeddable":true,"href":"https:\/\/www.turismoarcos.es\/fr\/wp-json\/wp\/v2\/comments?post=12043"}],"wp:featuredmedia":[{"embeddable":true,"href":"https:\/\/www.turismoarcos.es\/fr\/wp-json\/wp\/v2\/media\/12035"}],"wp:attachment":[{"href":"https:\/\/www.turismoarcos.es\/fr\/wp-json\/wp\/v2\/media?parent=12043"}],"wp:term":[{"taxonomy":"post_tag","embeddable":true,"href":"https:\/\/www.turismoarcos.es\/fr\/wp-json\/wp\/v2\/tags?post=12043"},{"taxonomy":"mec_category","embeddable":true,"href":"https:\/\/www.turismoarcos.es\/fr\/wp-json\/wp\/v2\/mec_category?post=12043"}],"curies":[{"name":"wp","href":"https:\/\/api.w.org\/{rel}","templated":true}]}}

III CICLO INTERNACIONAL DE ÓRGANO

<h4 style="text-align: center;">III CICLO INTERNACIONAL DE ÓRGANO</h4>
<h4 id="tw-target-text" class="tw-data-text tw-text-large tw-ta" dir="ltr" style="text-align: center;" data-placeholder="Traducción" data-ved="2ahUKEwjutvfIrYyDAxXn7LsIHdKWDjIQ3ewLegQIBRAQ"><span class="Y2IQFc" lang="fr">Vendredi 22 décembre 2023 &#8211; 20h00</span></h4>
<h4 style="text-align: center;">Basílica Menor de Sta. María</h4>
<h4 style="text-align: center;"></h4>

<p>III CICLO INTERNACIONAL DE ÓRGANO Vendredi 22 décembre 2023 &#8211; 20h00 Basílica Menor de Sta. María</p>
