{"id":12319,"date":"2024-01-17T16:51:29","date_gmt":"2024-01-17T15:51:29","guid":{"rendered":"https:\/\/www.turismoarcos.es\/events\/enamorate-en-arcos-3\/"},"modified":"2024-01-17T16:56:33","modified_gmt":"2024-01-17T15:56:33","slug":"enamorate-en-arcos-3","status":"publish","type":"mec-events","link":"https:\/\/www.turismoarcos.es\/fr\/events\/enamorate-en-arcos-3\/","title":{"rendered":"ENAM\u00d3RATE EN ARCOS"},"content":{"rendered":"<h4 style=\"text-align: center;\">ENAM\u00d3RATE EN ARCOS<\/h4>\n<h4 style=\"text-align: center;\">SEMANA DE LOS ENAMORADOS<\/h4>\n<h4 id=\"tw-target-text\" class=\"tw-data-text tw-text-large tw-ta\" dir=\"ltr\" style=\"text-align: center;\" data-placeholder=\"Traducci\u00f3n\" data-ved=\"2ahUKEwiHwNmo5OSDAxW_UKQEHSb8ASAQ3ewLegQIBRAQ\"><span class=\"Y2IQFc\" lang=\"fr\">Du 10 au 18 f\u00e9vrier 2024<\/span><\/h4>\n<h4 id=\"tw-target-text\" class=\"tw-data-text tw-text-large tw-ta\" dir=\"ltr\" data-placeholder=\"Traducci\u00f3n\" data-ved=\"2ahUKEwiHwNmo5OSDAxW_UKQEHSb8ASAQ3ewLegQIBRAQ\"><span class=\"Y2IQFc\" lang=\"fr\">Samedi 10 f\u00e9vrier 2024<\/span><\/h4>\n<h4>12 h .- Ruta Fotogr\u00e1fica Enam\u00f3rate en Arcos<\/h4>\n<h4>17 h .- Ruta Rom\u00e1ntica en Arcos<\/h4>\n","protected":false},"excerpt":{"rendered":"<p>ENAM\u00d3RATE EN ARCOS SEMANA DE LOS ENAMORADOS Du 10 au 18 f\u00e9vrier 2024 Samedi 10 f\u00e9vrier 2024 12&#8230; <a class=\"excerpt-read-more\" href=\"https:\/\/www.turismoarcos.es\/fr\/events\/enamorate-en-arcos-3\/\"><span>Read More<\/span><\/a><\/p>\n","protected":false},"author":6,"featured_media":12288,"comment_status":"closed","ping_status":"closed","template":"","tags":[],"mec_category":[212],"class_list":["post-12319","mec-events","type-mec-events","status-publish","has-post-thumbnail","hentry","mec_category-delegacion-municipal-de-turismo-fr"],"_links":{"self":[{"href":"https:\/\/www.turismoarcos.es\/fr\/wp-json\/wp\/v2\/mec-events\/12319","targetHints":{"allow":["GET"]}}],"collection":[{"href":"https:\/\/www.turismoarcos.es\/fr\/wp-json\/wp\/v2\/mec-events"}],"about":[{"href":"https:\/\/www.turismoarcos.es\/fr\/wp-json\/wp\/v2\/types\/mec-events"}],"author":[{"embeddable":true,"href":"https:\/\/www.turismoarcos.es\/fr\/wp-json\/wp\/v2\/users\/6"}],"replies":[{"embeddable":true,"href":"https:\/\/www.turismoarcos.es\/fr\/wp-json\/wp\/v2\/comments?post=12319"}],"wp:featuredmedia":[{"embeddable":true,"href":"https:\/\/www.turismoarcos.es\/fr\/wp-json\/wp\/v2\/media\/12288"}],"wp:attachment":[{"href":"https:\/\/www.turismoarcos.es\/fr\/wp-json\/wp\/v2\/media?parent=12319"}],"wp:term":[{"taxonomy":"post_tag","embeddable":true,"href":"https:\/\/www.turismoarcos.es\/fr\/wp-json\/wp\/v2\/tags?post=12319"},{"taxonomy":"mec_category","embeddable":true,"href":"https:\/\/www.turismoarcos.es\/fr\/wp-json\/wp\/v2\/mec_category?post=12319"}],"curies":[{"name":"wp","href":"https:\/\/api.w.org\/{rel}","templated":true}]}}

ENAMÓRATE EN ARCOS

<h4 style="text-align: center;">ENAMÓRATE EN ARCOS</h4>
<h4 style="text-align: center;">SEMANA DE LOS ENAMORADOS</h4>
<h4 id="tw-target-text" class="tw-data-text tw-text-large tw-ta" dir="ltr" style="text-align: center;" data-placeholder="Traducción" data-ved="2ahUKEwiHwNmo5OSDAxW_UKQEHSb8ASAQ3ewLegQIBRAQ"><span class="Y2IQFc" lang="fr">Du 10 au 18 février 2024</span></h4>
<h4 id="tw-target-text" class="tw-data-text tw-text-large tw-ta" dir="ltr" data-placeholder="Traducción" data-ved="2ahUKEwiHwNmo5OSDAxW_UKQEHSb8ASAQ3ewLegQIBRAQ"><span class="Y2IQFc" lang="fr">Samedi 10 février 2024</span></h4>
<h4>12 h .- Ruta Fotográfica Enamórate en Arcos</h4>
<h4>17 h .- Ruta Romántica en Arcos</h4>

<p>ENAMÓRATE EN ARCOS SEMANA DE LOS ENAMORADOS Du 10 au 18 février 2024 Samedi 10 février 2024 12&#8230; <a class="excerpt-read-more" href="https://www.turismoarcos.es/fr/events/enamorate-en-arcos-3/"><span>Read More</span></a></p>
