{"id":12565,"date":"2024-02-21T11:11:54","date_gmt":"2024-02-21T10:11:54","guid":{"rendered":"https:\/\/www.turismoarcos.es\/events\/presentacion-poemario-despues-de-ti\/"},"modified":"2024-02-21T11:14:04","modified_gmt":"2024-02-21T10:14:04","slug":"presentacion-poemario-despues-de-ti","status":"publish","type":"mec-events","link":"https:\/\/www.turismoarcos.es\/fr\/events\/presentacion-poemario-despues-de-ti\/","title":{"rendered":"PRESENTACI\u00d3N POEMARIO &#8220;DESPU\u00c9S DE TI&#8221;"},"content":{"rendered":"<h4 style=\"text-align: center;\">PRESENTACI\u00d3N POEMARIO &#8220;DESPU\u00c9S DE TI&#8221;<\/h4>\n<h4 style=\"text-align: center;\">DE JORGE DE ARCO<\/h4>\n<h4 id=\"tw-target-text\" class=\"tw-data-text tw-text-large tw-ta\" dir=\"ltr\" style=\"text-align: center;\" data-placeholder=\"Traducci\u00f3n\" data-ved=\"2ahUKEwjG2tr0mLyEAxUS1QIHHV6zC_cQ3ewLegQIBRAU\"><span class=\"Y2IQFc\" lang=\"fr\">Vendredi 23 f\u00e9vrier 2024 &#8211; 20h00<\/span><\/h4>\n<h4 style=\"text-align: center;\">Parador de Arcos de la frontera<\/h4>\n","protected":false},"excerpt":{"rendered":"<p>PRESENTACI\u00d3N POEMARIO &#8220;DESPU\u00c9S DE TI&#8221; DE JORGE DE ARCO Vendredi 23 f\u00e9vrier 2024 &#8211; 20h00 Parador de Arcos&#8230; <a class=\"excerpt-read-more\" href=\"https:\/\/www.turismoarcos.es\/fr\/events\/presentacion-poemario-despues-de-ti\/\"><span>Read More<\/span><\/a><\/p>\n","protected":false},"author":6,"featured_media":12562,"comment_status":"closed","ping_status":"closed","template":"","tags":[],"mec_category":[214],"class_list":["post-12565","mec-events","type-mec-events","status-publish","has-post-thumbnail","hentry","mec_category-cultura-arcosdelafrontera-fr"],"_links":{"self":[{"href":"https:\/\/www.turismoarcos.es\/fr\/wp-json\/wp\/v2\/mec-events\/12565","targetHints":{"allow":["GET"]}}],"collection":[{"href":"https:\/\/www.turismoarcos.es\/fr\/wp-json\/wp\/v2\/mec-events"}],"about":[{"href":"https:\/\/www.turismoarcos.es\/fr\/wp-json\/wp\/v2\/types\/mec-events"}],"author":[{"embeddable":true,"href":"https:\/\/www.turismoarcos.es\/fr\/wp-json\/wp\/v2\/users\/6"}],"replies":[{"embeddable":true,"href":"https:\/\/www.turismoarcos.es\/fr\/wp-json\/wp\/v2\/comments?post=12565"}],"wp:featuredmedia":[{"embeddable":true,"href":"https:\/\/www.turismoarcos.es\/fr\/wp-json\/wp\/v2\/media\/12562"}],"wp:attachment":[{"href":"https:\/\/www.turismoarcos.es\/fr\/wp-json\/wp\/v2\/media?parent=12565"}],"wp:term":[{"taxonomy":"post_tag","embeddable":true,"href":"https:\/\/www.turismoarcos.es\/fr\/wp-json\/wp\/v2\/tags?post=12565"},{"taxonomy":"mec_category","embeddable":true,"href":"https:\/\/www.turismoarcos.es\/fr\/wp-json\/wp\/v2\/mec_category?post=12565"}],"curies":[{"name":"wp","href":"https:\/\/api.w.org\/{rel}","templated":true}]}}

PRESENTACIÓN POEMARIO &#8220;DESPUÉS DE TI&#8221;

<h4 style="text-align: center;">PRESENTACIÓN POEMARIO &#8220;DESPUÉS DE TI&#8221;</h4>
<h4 style="text-align: center;">DE JORGE DE ARCO</h4>
<h4 id="tw-target-text" class="tw-data-text tw-text-large tw-ta" dir="ltr" style="text-align: center;" data-placeholder="Traducción" data-ved="2ahUKEwjG2tr0mLyEAxUS1QIHHV6zC_cQ3ewLegQIBRAU"><span class="Y2IQFc" lang="fr">Vendredi 23 février 2024 &#8211; 20h00</span></h4>
<h4 style="text-align: center;">Parador de Arcos de la frontera</h4>

<p>PRESENTACIÓN POEMARIO &#8220;DESPUÉS DE TI&#8221; DE JORGE DE ARCO Vendredi 23 février 2024 &#8211; 20h00 Parador de Arcos&#8230; <a class="excerpt-read-more" href="https://www.turismoarcos.es/fr/events/presentacion-poemario-despues-de-ti/"><span>Read More</span></a></p>
