{"id":13535,"date":"2024-06-04T11:42:12","date_gmt":"2024-06-04T10:42:12","guid":{"rendered":"https:\/\/www.turismoarcos.es\/events\/exposicion-fotografica-5\/"},"modified":"2024-06-04T11:42:12","modified_gmt":"2024-06-04T10:42:12","slug":"exposicion-fotografica-5","status":"publish","type":"mec-events","link":"https:\/\/www.turismoarcos.es\/fr\/events\/exposicion-fotografica-5\/","title":{"rendered":"EXPOSICI\u00d3N FOTOGR\u00c1FICA"},"content":{"rendered":"<h4 style=\"text-align: center;\">EXPOSICI\u00d3N FOTOGR\u00c1FICA DEL IV CONCURSO<\/h4>\n<h4 style=\"text-align: center;\">FOTOGRAF\u00cdA GASTRON\u00d3MICA<\/h4>\n<h4 style=\"text-align: center;\">&#8220;JOSE ANTONIO ROLD\u00c1N CARO&#8221;<\/h4>\n<h4 style=\"text-align: center;\">Del 1 al 12 de junio 2024<\/h4>\n<p>&nbsp;<\/p>\n","protected":false},"excerpt":{"rendered":"<p>EXPOSICI\u00d3N FOTOGR\u00c1FICA DEL IV CONCURSO FOTOGRAF\u00cdA GASTRON\u00d3MICA &#8220;JOSE ANTONIO ROLD\u00c1N CARO&#8221; Del 1 al 12 de junio 2024&#8230; <a class=\"excerpt-read-more\" href=\"https:\/\/www.turismoarcos.es\/fr\/events\/exposicion-fotografica-5\/\"><span>Read More<\/span><\/a><\/p>\n","protected":false},"author":6,"featured_media":13528,"comment_status":"closed","ping_status":"closed","template":"","tags":[],"mec_category":[214],"class_list":["post-13535","mec-events","type-mec-events","status-publish","has-post-thumbnail","hentry","mec_category-cultura-arcosdelafrontera-fr"],"_links":{"self":[{"href":"https:\/\/www.turismoarcos.es\/fr\/wp-json\/wp\/v2\/mec-events\/13535","targetHints":{"allow":["GET"]}}],"collection":[{"href":"https:\/\/www.turismoarcos.es\/fr\/wp-json\/wp\/v2\/mec-events"}],"about":[{"href":"https:\/\/www.turismoarcos.es\/fr\/wp-json\/wp\/v2\/types\/mec-events"}],"author":[{"embeddable":true,"href":"https:\/\/www.turismoarcos.es\/fr\/wp-json\/wp\/v2\/users\/6"}],"replies":[{"embeddable":true,"href":"https:\/\/www.turismoarcos.es\/fr\/wp-json\/wp\/v2\/comments?post=13535"}],"wp:featuredmedia":[{"embeddable":true,"href":"https:\/\/www.turismoarcos.es\/fr\/wp-json\/wp\/v2\/media\/13528"}],"wp:attachment":[{"href":"https:\/\/www.turismoarcos.es\/fr\/wp-json\/wp\/v2\/media?parent=13535"}],"wp:term":[{"taxonomy":"post_tag","embeddable":true,"href":"https:\/\/www.turismoarcos.es\/fr\/wp-json\/wp\/v2\/tags?post=13535"},{"taxonomy":"mec_category","embeddable":true,"href":"https:\/\/www.turismoarcos.es\/fr\/wp-json\/wp\/v2\/mec_category?post=13535"}],"curies":[{"name":"wp","href":"https:\/\/api.w.org\/{rel}","templated":true}]}}

EXPOSICIÓN FOTOGRÁFICA

<h4 style="text-align: center;">EXPOSICIÓN FOTOGRÁFICA DEL IV CONCURSO</h4>
<h4 style="text-align: center;">FOTOGRAFÍA GASTRONÓMICA</h4>
<h4 style="text-align: center;">&#8220;JOSE ANTONIO ROLDÁN CARO&#8221;</h4>
<h4 style="text-align: center;">Del 1 al 12 de junio 2024</h4>
<p>&nbsp;</p>

<p>EXPOSICIÓN FOTOGRÁFICA DEL IV CONCURSO FOTOGRAFÍA GASTRONÓMICA &#8220;JOSE ANTONIO ROLDÁN CARO&#8221; Del 1 al 12 de junio 2024&#8230; <a class="excerpt-read-more" href="https://www.turismoarcos.es/fr/events/exposicion-fotografica-5/"><span>Read More</span></a></p>
