{"id":16341,"date":"2025-08-27T11:38:24","date_gmt":"2025-08-27T10:38:24","guid":{"rendered":"https:\/\/www.turismoarcos.es\/events\/jueves-flamencos-2\/"},"modified":"2025-08-27T11:38:24","modified_gmt":"2025-08-27T10:38:24","slug":"jueves-flamencos-2","status":"publish","type":"mec-events","link":"https:\/\/www.turismoarcos.es\/fr\/events\/jueves-flamencos-2\/","title":{"rendered":"JUEVES FLAMENCOS"},"content":{"rendered":"<h4 style=\"text-align: center;\">JUEVES FLAMENCOS<\/h4>\n<h4 style=\"text-align: center;\">Asociaci\u00f3n C\u00edrculo de la Uni\u00f3n<\/h4>\n<h4 style=\"text-align: center;\">A partir de las 22:00 h<\/h4>\n<h4 style=\"text-align: center;\">Mes\u00f3n Patio Andaluz<\/h4>\n","protected":false},"excerpt":{"rendered":"<p>JUEVES FLAMENCOS Asociaci\u00f3n C\u00edrculo de la Uni\u00f3n A partir de las 22:00 h Mes\u00f3n Patio Andaluz<\/p>\n","protected":false},"author":6,"featured_media":16334,"comment_status":"closed","ping_status":"closed","template":"","tags":[],"mec_category":[],"class_list":["post-16341","mec-events","type-mec-events","status-publish","has-post-thumbnail","hentry"],"_links":{"self":[{"href":"https:\/\/www.turismoarcos.es\/fr\/wp-json\/wp\/v2\/mec-events\/16341","targetHints":{"allow":["GET"]}}],"collection":[{"href":"https:\/\/www.turismoarcos.es\/fr\/wp-json\/wp\/v2\/mec-events"}],"about":[{"href":"https:\/\/www.turismoarcos.es\/fr\/wp-json\/wp\/v2\/types\/mec-events"}],"author":[{"embeddable":true,"href":"https:\/\/www.turismoarcos.es\/fr\/wp-json\/wp\/v2\/users\/6"}],"replies":[{"embeddable":true,"href":"https:\/\/www.turismoarcos.es\/fr\/wp-json\/wp\/v2\/comments?post=16341"}],"wp:featuredmedia":[{"embeddable":true,"href":"https:\/\/www.turismoarcos.es\/fr\/wp-json\/wp\/v2\/media\/16334"}],"wp:attachment":[{"href":"https:\/\/www.turismoarcos.es\/fr\/wp-json\/wp\/v2\/media?parent=16341"}],"wp:term":[{"taxonomy":"post_tag","embeddable":true,"href":"https:\/\/www.turismoarcos.es\/fr\/wp-json\/wp\/v2\/tags?post=16341"},{"taxonomy":"mec_category","embeddable":true,"href":"https:\/\/www.turismoarcos.es\/fr\/wp-json\/wp\/v2\/mec_category?post=16341"}],"curies":[{"name":"wp","href":"https:\/\/api.w.org\/{rel}","templated":true}]}}

<h4 style="text-align: center;">JUEVES FLAMENCOS</h4>
<h4 style="text-align: center;">Asociación Círculo de la Unión</h4>
<h4 style="text-align: center;">A partir de las 22:00 h</h4>
<h4 style="text-align: center;">Mesón Patio Andaluz</h4>

<p>JUEVES FLAMENCOS Asociación Círculo de la Unión A partir de las 22:00 h Mesón Patio Andaluz</p>
