{"id":6170,"date":"2021-03-18T13:07:43","date_gmt":"2021-03-18T13:07:43","guid":{"rendered":"https:\/\/www.turismoarcos.es\/capilla-de-la-misericordia\/"},"modified":"2021-11-04T09:10:01","modified_gmt":"2021-11-04T08:10:01","slug":"capilla-de-la-misericordia","status":"publish","type":"page","link":"https:\/\/www.turismoarcos.es\/fr\/capilla-de-la-misericordia\/","title":{"rendered":"La Chapelle de la Misericordia"},"content":{"rendered":"<div class=\"wpb-content-wrapper\">[vc_row full_width=&#8221;stretch_row&#8221; parallax=&#8221;content-moving-fade&#8221; parallax_image=&#8221;1896&#8243; el_id=&#8221;about-us&#8221; dt_color=&#8221;#abd8a6&#8243; dt_color_opacity=&#8221;70&#8243; css=&#8221;.vc_custom_1632473861446{padding-top: 300px !important;padding-bottom: 90px !important;}&#8221;][vc_column width=&#8221;1\/6&#8243;][\/vc_column][vc_column width=&#8221;2\/3&#8243; dt_animation=&#8221;wow fadeInUp&#8221; dt_animation_delay=&#8221;0.3&#8243;]<div class=\"title-center\"><div class=\"dt-title-wrapper section-title-big style-1\"><h2 class=\"section-title\">La Chapelle de la Misericordia<\/h2><svg class=\"zigzag\" version=\"1.1\" xmlns=\"http:\/\/www.w3.org\/2000\/svg\" xmlns:xlink=\"http:\/\/www.w3.org\/1999\/xlink\" preserveAspectRatio=\"xMidYMid meet\" viewBox=\"0 0 90 8\" width=\"90\" height=\"8\"><defs><path d=\"M90 8L82.5 0L75 8L67.5 0L60 8L52.5 0L45 8L37.5 0L30 8L22.5 0L15 8L7.5 0L0 8\" id=\"a6L8UcKib\"><\/path><\/defs><g><g><use xlink:href=\"#a6L8UcKib\" opacity=\"1\" fill-opacity=\"0\" stroke=\"#000000\" stroke-width=\"1\" stroke-opacity=\"1\"><\/use><\/g><\/g><\/svg><\/div><\/div>[\/vc_column][vc_column width=&#8221;1\/6&#8243;][\/vc_column][\/vc_row][vc_row][vc_column][vc_column_text][\/vc_column_text][\/vc_column][\/vc_row][vc_row full_width=&#8221;stretch_row_content&#8221; equal_height=&#8221;yes&#8221;][vc_column width=&#8221;1\/2&#8243; css=&#8221;.vc_custom_1616057344094{padding-top: 0px !important;padding-bottom: 0px !important;background-position: center !important;background-repeat: no-repeat !important;background-size: cover !important;}&#8221;]<div id=\"dt-gallery-abb\" class=\"delicious-gallery-wrapper\" data-token=\"QFeQI\"><ul class=\"delicious-gallery isotope dt-gallery is-grid dt-gap-20\"><li class=\"delicious-gallery-item  remove-grayscale\"><a class=\"not-link dt-lightbox-gallery\" title=\"Capilla de la Misericordia\" href=\"https:\/\/www.turismoarcos.es\/wp-content\/uploads\/2021\/03\/capilla-de-la-misericordia-3.jpg\"><img loading=\"lazy\" decoding=\"async\" class=\"no-lazy\" src=\"https:\/\/www.turismoarcos.es\/wp-content\/uploads\/2021\/03\/capilla-de-la-misericordia-3-490x380.jpg\" width=\"800\" height=\"600\" alt=\"Capilla de la Misericordia\" \/><div class=\"delicious-gallery-on-hover\"><span class=\"is-alt-text\">Capilla de la Misericordia<\/span><\/div><\/a><\/li><li class=\"delicious-gallery-item  remove-grayscale\"><a class=\"not-link dt-lightbox-gallery\" title=\"Capilla de la Misericordia\" href=\"https:\/\/www.turismoarcos.es\/wp-content\/uploads\/2021\/03\/capilla-de-la-misericordia-4.jpg\"><img loading=\"lazy\" decoding=\"async\" class=\"no-lazy\" src=\"https:\/\/www.turismoarcos.es\/wp-content\/uploads\/2021\/03\/capilla-de-la-misericordia-4-490x380.jpg\" width=\"800\" height=\"600\" alt=\"Capilla de la Misericordia\" \/><div class=\"delicious-gallery-on-hover\"><span class=\"is-alt-text\">Capilla de la Misericordia<\/span><\/div><\/a><\/li><li class=\"delicious-gallery-item  remove-grayscale\"><a class=\"not-link dt-lightbox-gallery\" title=\"Capilla de la Misericordia\" href=\"https:\/\/www.turismoarcos.es\/wp-content\/uploads\/2021\/03\/capilla-de-la-misericordia-2.jpg\"><img loading=\"lazy\" decoding=\"async\" class=\"no-lazy\" src=\"https:\/\/www.turismoarcos.es\/wp-content\/uploads\/2021\/03\/capilla-de-la-misericordia-2-490x380.jpg\" width=\"599\" height=\"800\" alt=\"Capilla de la Misericordia\" \/><div class=\"delicious-gallery-on-hover\"><span class=\"is-alt-text\">Capilla de la Misericordia<\/span><\/div><\/a><\/li><li class=\"delicious-gallery-item  remove-grayscale\"><a class=\"not-link dt-lightbox-gallery\" title=\"Capilla de la Misericordia\" href=\"https:\/\/www.turismoarcos.es\/wp-content\/uploads\/2021\/03\/capilla-de-la-misericordia-1.jpg\"><img loading=\"lazy\" decoding=\"async\" class=\"no-lazy\" src=\"https:\/\/www.turismoarcos.es\/wp-content\/uploads\/2021\/03\/capilla-de-la-misericordia-1-490x380.jpg\" width=\"533\" height=\"800\" alt=\"Capilla de la Misericordia\" \/><div class=\"delicious-gallery-on-hover\"><span class=\"is-alt-text\">Capilla de la Misericordia<\/span><\/div><\/a><\/li><\/ul><\/div>[\/vc_column][vc_column width=&#8221;1\/2&#8243; dt_animation=&#8221;wow fadeInUp&#8221; css=&#8221;.vc_custom_1616057854293{padding-top: 70px !important;padding-right: 80px !important;padding-bottom: 80px !important;padding-left: 80px !important;background-color: #fafafa !important;}&#8221; dt_animation_delay=&#8221;0.3&#8243;][vc_column_text]Cette chapelle fut construite en 1490 par le marquis et la marquise de Cadix pour des enfants orphelins et comme maison et h\u00f4pital pour des femmes.\r\n\r\nSon portail est fait dans le style gothique-gentil ; \u00e0 l&#8217;int\u00e9rieur, nous voyons les deux seuls portraits conserv\u00e9s du marquis et de la marquise de Cadix, sculpt\u00e9s sur des chapiteaux.\r\n\r\nLes portraits sont deux petits bustes entour\u00e9s par une frise aux animaux all\u00e9goriques. Don Rodrigo appara\u00eet avec une barbe pointue, la crini\u00e8re, le corps et les griffes d&#8217;un lion et un bonnet, alors que do\u00f1a Beatriz porte une couronne de marquise, un sceptre et un rouet.\r\n\r\nLa chapelle est utilis\u00e9e actuellement comme salon des expositions ou pour pr\u00e9senter des livres, c\u00e9l\u00e9brer des conf\u00e9rences, etc.\r\n\r\n<strong>\u00a0<\/strong>\r\n\r\n<strong>HORAIRES<\/strong>\u00a0: Consulter dans l\u2019endroit.\r\n\r\n&nbsp;\r\n\r\n<strong>Information\u00a0:<\/strong>\r\n\r\nD\u00e9l\u00e9gation de culture\u00a0: T\u00e9l: +34 956 70 30 13 \/ cultura@arcosdelafrontera.es[\/vc_column_text][vc_empty_space height=&#8221;40px&#8221;][\/vc_column][\/vc_row][vc_row][vc_column][vc_column_text][\/vc_column_text][\/vc_column][\/vc_row][vc_row full_width=&#8221;stretch_row&#8221; css=&#8221;.vc_custom_1497330579291{padding-top: 30px !important;padding-bottom: 35px !important;background-color: #ededed !important;}&#8221;][vc_column width=&#8221;1\/12&#8243;][\/vc_column][vc_column width=&#8221;7\/12&#8243;][vc_custom_heading text=&#8221;\u00bfTienes alguna duda?&#8221; font_container=&#8221;tag:p|font_size:36px|text_align:left|color:%23323232|line_height:42px&#8221; use_theme_fonts=&#8221;yes&#8221; css_animation=&#8221;fadeInUp&#8221;][\/vc_column][vc_column css_animation=&#8221;none&#8221; width=&#8221;3\/12&#8243; dt_animation=&#8221;wow fadeInUp&#8221; dt_animation_delay=&#8221;0.4&#8243;]<div class=\"button-right\"><a  class=\"dt-button green  round  dt-icon-left\" href=\"#\"><i class=\"fa fa-paper-plane-o\"><\/i>FORMULARIO DE CONTACTO<\/a><\/div>[\/vc_column][vc_column width=&#8221;1\/12&#8243;][\/vc_column][\/vc_row][vc_row][vc_column][vc_column_text][\/vc_column_text][\/vc_column][\/vc_row][vc_row][vc_column][vc_column_text][\/vc_column_text][\/vc_column][\/vc_row]<!-- \/wp:post-content --><\/div>","protected":false},"excerpt":{"rendered":"<p>[vc_row full_width=&#8221;stretch_row&#8221; parallax=&#8221;content-moving-fade&#8221; parallax_image=&#8221;1896&#8243; el_id=&#8221;about-us&#8221; dt_color=&#8221;#abd8a6&#8243; dt_color_opacity=&#8221;70&#8243; css=&#8221;.vc_custom_1632473861446{padding-top: 300px !important;padding-bottom: 90px !important;}&#8221;][vc_column width=&#8221;1\/6&#8243;][\/vc_column][vc_column width=&#8221;2\/3&#8243; dt_animation=&#8221;wow fadeInUp&#8221; dt_animation_delay=&#8221;0.3&#8243;][\/vc_column][vc_column width=&#8221;1\/6&#8243;][\/vc_column][\/vc_row][vc_row][vc_column][vc_column_text][\/vc_column_text][\/vc_column][\/vc_row][vc_row&#8230; <a class=\"excerpt-read-more\" href=\"https:\/\/www.turismoarcos.es\/fr\/capilla-de-la-misericordia\/\"><span>Read More<\/span><\/a><\/p>\n","protected":false},"author":1,"featured_media":0,"parent":0,"menu_order":0,"comment_status":"closed","ping_status":"closed","template":"","meta":{"footnotes":""},"class_list":["post-6170","page","type-page","status-publish","hentry"],"_links":{"self":[{"href":"https:\/\/www.turismoarcos.es\/fr\/wp-json\/wp\/v2\/pages\/6170","targetHints":{"allow":["GET"]}}],"collection":[{"href":"https:\/\/www.turismoarcos.es\/fr\/wp-json\/wp\/v2\/pages"}],"about":[{"href":"https:\/\/www.turismoarcos.es\/fr\/wp-json\/wp\/v2\/types\/page"}],"author":[{"embeddable":true,"href":"https:\/\/www.turismoarcos.es\/fr\/wp-json\/wp\/v2\/users\/1"}],"replies":[{"embeddable":true,"href":"https:\/\/www.turismoarcos.es\/fr\/wp-json\/wp\/v2\/comments?post=6170"}],"version-history":[{"count":2,"href":"https:\/\/www.turismoarcos.es\/fr\/wp-json\/wp\/v2\/pages\/6170\/revisions"}],"predecessor-version":[{"id":6173,"href":"https:\/\/www.turismoarcos.es\/fr\/wp-json\/wp\/v2\/pages\/6170\/revisions\/6173"}],"wp:attachment":[{"href":"https:\/\/www.turismoarcos.es\/fr\/wp-json\/wp\/v2\/media?parent=6170"}],"curies":[{"name":"wp","href":"https:\/\/api.w.org\/{rel}","templated":true}]}}

<div class="wpb-content-wrapper">[vc_row full_width=&#8221;stretch_row&#8221; parallax=&#8221;content-moving-fade&#8221; parallax_image=&#8221;1896&#8243; el_id=&#8221;about-us&#8221; dt_color=&#8221;#abd8a6&#8243; dt_color_opacity=&#8221;70&#8243; css=&#8221;.vc_custom_1632473861446{padding-top: 300px !important;padding-bottom: 90px !important;}&#8221;][vc_column width=&#8221;1/6&#8243;][/vc_column][vc_column width=&#8221;2/3&#8243; dt_animation=&#8221;wow fadeInUp&#8221; dt_animation_delay=&#8221;0.3&#8243;]<div class="title-center"><div class="dt-title-wrapper section-title-big style-1"><h2 class="section-title">La Chapelle de la Misericordia</h2><svg class="zigzag" version="1.1" xmlns="http://www.w3.org/2000/svg" xmlns:xlink="http://www.w3.org/1999/xlink" preserveAspectRatio="xMidYMid meet" viewBox="0 0 90 8" width="90" height="8"><defs><path d="M90 8L82.5 0L75 8L67.5 0L60 8L52.5 0L45 8L37.5 0L30 8L22.5 0L15 8L7.5 0L0 8" id="a6L8UcKib"></path></defs><g><g><use xlink:href="#a6L8UcKib" opacity="1" fill-opacity="0" stroke="#000000" stroke-width="1" stroke-opacity="1"></use></g></g></svg></div></div>[/vc_column][vc_column width=&#8221;1/6&#8243;][/vc_column][/vc_row][vc_row][vc_column][vc_column_text][/vc_column_text][/vc_column][/vc_row][vc_row full_width=&#8221;stretch_row_content&#8221; equal_height=&#8221;yes&#8221;][vc_column width=&#8221;1/2&#8243; css=&#8221;.vc_custom_1616057344094{padding-top: 0px !important;padding-bottom: 0px !important;background-position: center !important;background-repeat: no-repeat !important;background-size: cover !important;}&#8221;]<div id="dt-gallery-abb" class="delicious-gallery-wrapper" data-token="QFeQI"><ul class="delicious-gallery isotope dt-gallery is-grid dt-gap-20"><li class="delicious-gallery-item  remove-grayscale"><a class="not-link dt-lightbox-gallery" title="Capilla de la Misericordia" href="https://www.turismoarcos.es/wp-content/uploads/2021/03/capilla-de-la-misericordia-3.jpg"><img loading="lazy" decoding="async" class="no-lazy" src="https://www.turismoarcos.es/wp-content/uploads/2021/03/capilla-de-la-misericordia-3-490x380.jpg" width="800" height="600" alt="Capilla de la Misericordia" /><div class="delicious-gallery-on-hover"><span class="is-alt-text">Capilla de la Misericordia</span></div></a></li><li class="delicious-gallery-item  remove-grayscale"><a class="not-link dt-lightbox-gallery" title="Capilla de la Misericordia" href="https://www.turismoarcos.es/wp-content/uploads/2021/03/capilla-de-la-misericordia-4.jpg"><img loading="lazy" decoding="async" class="no-lazy" src="https://www.turismoarcos.es/wp-content/uploads/2021/03/capilla-de-la-misericordia-4-490x380.jpg" width="800" height="600" alt="Capilla de la Misericordia" /><div class="delicious-gallery-on-hover"><span class="is-alt-text">Capilla de la Misericordia</span></div></a></li><li class="delicious-gallery-item  remove-grayscale"><a class="not-link dt-lightbox-gallery" title="Capilla de la Misericordia" href="https://www.turismoarcos.es/wp-content/uploads/2021/03/capilla-de-la-misericordia-2.jpg"><img loading="lazy" decoding="async" class="no-lazy" src="https://www.turismoarcos.es/wp-content/uploads/2021/03/capilla-de-la-misericordia-2-490x380.jpg" width="599" height="800" alt="Capilla de la Misericordia" /><div class="delicious-gallery-on-hover"><span class="is-alt-text">Capilla de la Misericordia</span></div></a></li><li class="delicious-gallery-item  remove-grayscale"><a class="not-link dt-lightbox-gallery" title="Capilla de la Misericordia" href="https://www.turismoarcos.es/wp-content/uploads/2021/03/capilla-de-la-misericordia-1.jpg"><img loading="lazy" decoding="async" class="no-lazy" src="https://www.turismoarcos.es/wp-content/uploads/2021/03/capilla-de-la-misericordia-1-490x380.jpg" width="533" height="800" alt="Capilla de la Misericordia" /><div class="delicious-gallery-on-hover"><span class="is-alt-text">Capilla de la Misericordia</span></div></a></li></ul></div>[/vc_column][vc_column width=&#8221;1/2&#8243; dt_animation=&#8221;wow fadeInUp&#8221; css=&#8221;.vc_custom_1616057854293{padding-top: 70px !important;padding-right: 80px !important;padding-bottom: 80px !important;padding-left: 80px !important;background-color: #fafafa !important;}&#8221; dt_animation_delay=&#8221;0.3&#8243;][vc_column_text]Cette chapelle fut construite en 1490 par le marquis et la marquise de Cadix pour des enfants orphelins et comme maison et hôpital pour des femmes.

Son portail est fait dans le style gothique-gentil ; à l&#8217;intérieur, nous voyons les deux seuls portraits conservés du marquis et de la marquise de Cadix, sculptés sur des chapiteaux.

Les portraits sont deux petits bustes entourés par une frise aux animaux allégoriques. Don Rodrigo apparaît avec une barbe pointue, la crinière, le corps et les griffes d&#8217;un lion et un bonnet, alors que doña Beatriz porte une couronne de marquise, un sceptre et un rouet.

La chapelle est utilisée actuellement comme salon des expositions ou pour présenter des livres, célébrer des conférences, etc.

<strong> </strong>

<strong>HORAIRES</strong> : Consulter dans l’endroit.

&nbsp;

<strong>Information :</strong>

Délégation de culture : Tél: +34 956 70 30 13 / cultura@arcosdelafrontera.es[/vc_column_text][vc_empty_space height=&#8221;40px&#8221;][/vc_column][/vc_row][vc_row][vc_column][vc_column_text][/vc_column_text][/vc_column][/vc_row][vc_row full_width=&#8221;stretch_row&#8221; css=&#8221;.vc_custom_1497330579291{padding-top: 30px !important;padding-bottom: 35px !important;background-color: #ededed !important;}&#8221;][vc_column width=&#8221;1/12&#8243;][/vc_column][vc_column width=&#8221;7/12&#8243;][vc_custom_heading text=&#8221;¿Tienes alguna duda?&#8221; font_container=&#8221;tag:p|font_size:36px|text_align:left|color:%23323232|line_height:42px&#8221; use_theme_fonts=&#8221;yes&#8221; css_animation=&#8221;fadeInUp&#8221;][/vc_column][vc_column css_animation=&#8221;none&#8221; width=&#8221;3/12&#8243; dt_animation=&#8221;wow fadeInUp&#8221; dt_animation_delay=&#8221;0.4&#8243;]<div class="button-right"><a  class="dt-button green  round  dt-icon-left" href="#"><i class="fa fa-paper-plane-o"></i>FORMULARIO DE CONTACTO</a></div>[/vc_column][vc_column width=&#8221;1/12&#8243;][/vc_column][/vc_row][vc_row][vc_column][vc_column_text][/vc_column_text][/vc_column][/vc_row][vc_row][vc_column][vc_column_text][/vc_column_text][/vc_column][/vc_row]<!-- /wp:post-content --></div>
